CRAN Package Check Results for Package CPGLIB

Last updated on 2021-12-08 03:58:16 CET.

Flavor Version Tinstall Tcheck Ttotal Status Flags
r-devel-linux-x86_64-debian-clang 1.0.1 137.41 36.40 173.81 OK
r-devel-linux-x86_64-debian-gcc 1.0.1 97.82 34.98 132.80 OK
r-devel-linux-x86_64-fedora-clang 1.0.1 287.00 NOTE
r-devel-linux-x86_64-fedora-gcc 1.0.1 248.44 OK
r-devel-windows-x86_64-new-UL 1.0.1 168.00 113.00 281.00 OK
r-devel-windows-x86_64-new-TK 1.0.1 OK
r-devel-windows-x86_64-old 1.0.1 176.00 67.00 243.00 OK
r-patched-linux-x86_64 1.0.1 117.89 43.01 160.90 OK
r-release-linux-x86_64 1.0.1 117.56 43.00 160.56 OK
r-release-macos-arm64 1.0.1 NOTE
r-release-macos-x86_64 1.0.1 NOTE
r-release-windows-ix86+x86_64 1.0.1 250.00 82.00 332.00 OK
r-oldrel-macos-x86_64 1.0.1 NOTE
r-oldrel-windows-ix86+x86_64 1.0.1 340.00 86.00 426.00 OK

Check Details

Version: 1.0.1
Check: installed package size
Result: NOTE
     installed size is 6.0Mb
     sub-directories of 1Mb or more:
     libs 5.8Mb
Flavors: r-devel-linux-x86_64-fedora-clang, r-release-macos-arm64, r-release-macos-x86_64, r-oldrel-macos-x86_64