CRAN Package Check Results for Package CNAIM

Last updated on 2021-12-07 03:53:37 CET.

Flavor Version Tinstall Tcheck Ttotal Status Flags
r-devel-linux-x86_64-debian-clang 1.0.1 13.95 96.17 110.12 OK
r-devel-linux-x86_64-debian-gcc 1.0.1 11.75 78.68 90.43 OK
r-devel-linux-x86_64-fedora-clang 1.0.1 145.19 NOTE
r-devel-linux-x86_64-fedora-gcc 1.0.1 130.95 NOTE
r-devel-windows-x86_64-new-UL 1.0.1 36.00 155.00 191.00 OK
r-devel-windows-x86_64-new-TK 1.0.1 NOTE
r-devel-windows-x86_64-old 1.0.1 23.00 132.00 155.00 OK
r-patched-linux-x86_64 1.0.1 15.30 92.67 107.97 OK
r-release-linux-x86_64 1.0.1 12.74 98.77 111.51 OK
r-release-macos-arm64 1.0.1 NOTE
r-release-macos-x86_64 1.0.1 NOTE
r-release-windows-ix86+x86_64 1.0.1 17.00 123.00 140.00 OK
r-oldrel-macos-x86_64 1.0.1 NOTE
r-oldrel-windows-ix86+x86_64 1.0.1 24.00 133.00 157.00 OK

Check Details

Version: 1.0.1
Check: dependencies in R code
Result: NOTE
    Namespaces in Imports field not imported from:
     ‘htmltools’ ‘htmlwidgets’ ‘readxl’ ‘testthat’ ‘widgetframe’
     All declared Imports should be used.
Flavors: r-devel-linux-x86_64-fedora-clang, r-devel-linux-x86_64-fedora-gcc, r-devel-windows-x86_64-new-TK, r-release-macos-arm64, r-release-macos-x86_64, r-oldrel-macos-x86_64