CRAN Package Check Results for Package CMatching

Last updated on 2022-01-26 15:52:43 CET.

Flavor Version Tinstall Tcheck Ttotal Status Flags
r-devel-linux-x86_64-debian-clang 2.3.0 10.69 92.42 103.11 OK
r-devel-linux-x86_64-debian-gcc 2.3.0 7.56 72.06 79.62 OK
r-devel-linux-x86_64-fedora-clang 2.3.0 125.52 OK
r-devel-linux-x86_64-fedora-gcc 2.3.0 118.12 OK
r-devel-windows-x86_64-new-UL 2.3.0 30.00 109.00 139.00 OK
r-devel-windows-x86_64-new-TK 2.3.0 ERROR
r-patched-linux-x86_64 2.3.0 12.16 85.71 97.87 OK
r-release-linux-x86_64 2.3.0 7.49 89.10 96.59 OK
r-release-macos-arm64 2.3.0 OK
r-release-macos-x86_64 2.3.0 OK
r-release-windows-ix86+x86_64 2.3.0 20.00 100.00 120.00 OK
r-oldrel-macos-x86_64 2.3.0 OK
r-oldrel-windows-ix86+x86_64 2.3.0 20.00 101.00 121.00 OK

Check Details

Version: 2.3.0
Check: package dependencies
Result: ERROR
    Package required but not available: 'lme4'
    
    See section 'The DESCRIPTION file' in the 'Writing R Extensions'
    manual.
Flavor: r-devel-windows-x86_64-new-TK