CRAN Package Check Results for Package CMapViz

Last updated on 2022-09-24 15:55:16 CEST.

Flavor Version Tinstall Tcheck Ttotal Status Flags
r-devel-linux-x86_64-debian-clang 0.1.0 6.38 59.42 65.80 NOTE
r-devel-linux-x86_64-debian-gcc 0.1.0 4.89 43.34 48.23 NOTE
r-devel-linux-x86_64-fedora-clang 0.1.0 88.00 NOTE
r-devel-linux-x86_64-fedora-gcc 0.1.0 84.79 NOTE
r-devel-windows-x86_64 0.1.0 11.00 81.00 92.00 NOTE
r-patched-linux-x86_64 0.1.0 6.90 53.94 60.84 NOTE
r-release-linux-x86_64 0.1.0 5.86 54.14 60.00 NOTE
r-release-macos-arm64 0.1.0 24.00 NOTE
r-release-macos-x86_64 0.1.0 44.00 NOTE
r-release-windows-x86_64 0.1.0 14.00 80.00 94.00 NOTE
r-oldrel-macos-arm64 0.1.0 34.00 NOTE
r-oldrel-macos-x86_64 0.1.0 44.00 NOTE
r-oldrel-windows-ix86+x86_64 0.1.0 16.00 79.00 95.00 NOTE

Check Details

Version: 0.1.0
Check: LazyData
Result: NOTE
     'LazyData' is specified without a 'data' directory
Flavors: r-devel-linux-x86_64-debian-clang, r-devel-linux-x86_64-debian-gcc, r-devel-linux-x86_64-fedora-clang, r-devel-linux-x86_64-fedora-gcc, r-devel-windows-x86_64, r-patched-linux-x86_64, r-release-linux-x86_64, r-release-macos-arm64, r-release-macos-x86_64, r-release-windows-x86_64, r-oldrel-macos-arm64, r-oldrel-macos-x86_64, r-oldrel-windows-ix86+x86_64