Last updated on 2023-10-01 05:05:38 CEST.
Flavor | Version | Tinstall | Tcheck | Ttotal | Status | Flags |
---|---|---|---|---|---|---|
r-devel-linux-x86_64-debian-clang | 0.1.0 | 6.48 | 54.39 | 60.87 | NOTE | |
r-devel-linux-x86_64-debian-gcc | 0.1.0 | 4.98 | 39.84 | 44.82 | NOTE | |
r-devel-linux-x86_64-fedora-clang | 0.1.0 | 74.39 | NOTE | |||
r-devel-linux-x86_64-fedora-gcc | 0.1.0 | 69.76 | NOTE | |||
r-devel-windows-x86_64 | 0.1.0 | 8.00 | 58.00 | 66.00 | NOTE | |
r-patched-linux-x86_64 | 0.1.0 | 5.44 | 50.06 | 55.50 | NOTE | |
r-release-linux-x86_64 | 0.1.0 | 5.03 | 50.02 | 55.05 | NOTE | |
r-release-macos-arm64 | 0.1.0 | 27.00 | NOTE | |||
r-release-macos-x86_64 | 0.1.0 | 38.00 | NOTE | |||
r-release-windows-x86_64 | 0.1.0 | 9.00 | 61.00 | 70.00 | NOTE | |
r-oldrel-macos-arm64 | 0.1.0 | 24.00 | NOTE | |||
r-oldrel-macos-x86_64 | 0.1.0 | 44.00 | NOTE | |||
r-oldrel-windows-x86_64 | 0.1.0 | 11.00 | 68.00 | 79.00 | NOTE |
Version: 0.1.0
Check: LazyData
Result: NOTE
'LazyData' is specified without a 'data' directory
Flavors: r-devel-linux-x86_64-debian-clang, r-devel-linux-x86_64-debian-gcc, r-devel-linux-x86_64-fedora-clang, r-devel-linux-x86_64-fedora-gcc, r-devel-windows-x86_64, r-patched-linux-x86_64, r-release-linux-x86_64, r-release-macos-arm64, r-release-macos-x86_64, r-release-windows-x86_64, r-oldrel-macos-arm64, r-oldrel-macos-x86_64, r-oldrel-windows-x86_64