CRAN Package Check Results for Package CIMTx

Last updated on 2021-12-07 03:53:37 CET.

Flavor Version Tinstall Tcheck Ttotal Status Flags
r-devel-linux-x86_64-debian-clang 1.1.0 10.91 68.57 79.48 OK
r-devel-linux-x86_64-debian-gcc 1.1.0 8.32 56.48 64.80 OK
r-devel-linux-x86_64-fedora-clang 1.1.0 103.53 NOTE
r-devel-linux-x86_64-fedora-gcc 1.1.0 90.96 NOTE
r-devel-windows-x86_64-new-UL 1.1.0 18.00 117.00 135.00 OK
r-devel-windows-x86_64-new-TK 1.1.0 NOTE
r-devel-windows-x86_64-old 1.1.0 16.00 91.00 107.00 OK
r-patched-linux-x86_64 1.1.0 5.50 65.40 70.90 OK
r-release-linux-x86_64 1.1.0 6.03 71.40 77.43 OK
r-release-macos-arm64 1.1.0 NOTE
r-release-macos-x86_64 1.1.0 NOTE
r-release-windows-ix86+x86_64 1.1.0 18.00 69.00 87.00 OK
r-oldrel-macos-x86_64 1.1.0 NOTE
r-oldrel-windows-ix86+x86_64 1.1.0 21.00 84.00 105.00 OK

Check Details

Version: 1.1.0
Check: dependencies in R code
Result: NOTE
    Namespace in Imports field not imported from: ‘magrittr’
     All declared Imports should be used.
Flavors: r-devel-linux-x86_64-fedora-clang, r-devel-linux-x86_64-fedora-gcc, r-devel-windows-x86_64-new-TK, r-release-macos-arm64, r-release-macos-x86_64, r-oldrel-macos-x86_64