Last updated on 2023-02-08 15:52:36 CET.
Flavor | Version | Tinstall | Tcheck | Ttotal | Status | Flags |
---|---|---|---|---|---|---|
r-devel-linux-x86_64-debian-clang | 0.1.0 | 9.40 | 113.37 | 122.77 | OK | |
r-devel-linux-x86_64-debian-gcc | 0.1.0 | 7.45 | 84.22 | 91.67 | OK | |
r-devel-linux-x86_64-fedora-clang | 0.1.0 | 158.38 | NOTE | |||
r-devel-linux-x86_64-fedora-gcc | 0.1.0 | 175.55 | OK | |||
r-devel-windows-x86_64 | 0.1.0 | 32.00 | 154.00 | 186.00 | NOTE | |
r-patched-linux-x86_64 | 0.1.0 | 5.79 | 111.51 | 117.30 | OK | |
r-release-linux-x86_64 | 0.1.0 | 6.02 | 108.95 | 114.97 | OK | |
r-release-macos-arm64 | 0.1.0 | 57.00 | NOTE | |||
r-release-macos-x86_64 | 0.1.0 | 84.00 | NOTE | |||
r-release-windows-x86_64 | 0.1.0 | 23.00 | 158.00 | 181.00 | NOTE | |
r-oldrel-macos-arm64 | 0.1.0 | 43.00 | NOTE | |||
r-oldrel-macos-x86_64 | 0.1.0 | 66.00 | NOTE | |||
r-oldrel-windows-ix86+x86_64 | 0.1.0 | 22.00 | 144.00 | 166.00 | NOTE |
Version: 0.1.0
Check: installed package size
Result: NOTE
installed size is 8.0Mb
sub-directories of 1Mb or more:
doc 5.7Mb
extdata 2.1Mb
Flavors: r-devel-linux-x86_64-fedora-clang, r-devel-windows-x86_64, r-release-macos-arm64, r-release-macos-x86_64, r-release-windows-x86_64, r-oldrel-macos-arm64, r-oldrel-macos-x86_64, r-oldrel-windows-ix86+x86_64