CRAN Package Check Results for Package CERFIT

Last updated on 2024-06-17 03:49:46 CEST.

Flavor Version Tinstall Tcheck Ttotal Status Flags
r-devel-linux-x86_64-debian-clang 0.1.0 42.49 79.76 122.25 NOTE
r-devel-linux-x86_64-debian-gcc 0.1.0 34.19 60.63 94.82 NOTE
r-devel-linux-x86_64-fedora-clang 0.1.0 172.74 NOTE
r-devel-linux-x86_64-fedora-gcc 0.1.0 169.65 NOTE
r-devel-windows-x86_64 0.1.0 41.00 94.00 135.00 NOTE
r-patched-linux-x86_64 0.1.0 43.34 78.14 121.48 NOTE
r-release-linux-x86_64 0.1.0 42.90 77.65 120.55 NOTE
r-release-macos-arm64 0.1.0 41.00 NOTE
r-release-macos-x86_64 0.1.0 69.00 NOTE
r-release-windows-x86_64 0.1.0 42.00 92.00 134.00 NOTE
r-oldrel-macos-arm64 0.1.0 48.00 NOTE
r-oldrel-macos-x86_64 0.1.0 79.00 NOTE
r-oldrel-windows-x86_64 0.1.0 52.00 114.00 166.00 NOTE

Check Details

Version: 0.1.0
Check: C++ specification
Result: NOTE Specified C++11: please drop specification unless essential Flavors: r-devel-linux-x86_64-debian-clang, r-devel-linux-x86_64-debian-gcc, r-devel-linux-x86_64-fedora-clang, r-devel-linux-x86_64-fedora-gcc, r-devel-windows-x86_64, r-patched-linux-x86_64, r-release-linux-x86_64, r-release-macos-arm64, r-release-macos-x86_64, r-release-windows-x86_64, r-oldrel-macos-arm64, r-oldrel-macos-x86_64, r-oldrel-windows-x86_64