CRAN Package Check Results for Package CCTpack

Last updated on 2022-01-16 15:48:22 CET.

Flavor Version Tinstall Tcheck Ttotal Status Flags
r-devel-linux-x86_64-debian-clang 1.5.2 16.88 88.10 104.98 NOTE
r-devel-linux-x86_64-debian-gcc 1.5.2 12.87 72.06 84.93 NOTE
r-devel-linux-x86_64-fedora-clang 1.5.2 130.79 NOTE
r-devel-linux-x86_64-fedora-gcc 1.5.2 117.19 NOTE
r-devel-windows-x86_64-new-UL 1.5.2 50.00 95.00 145.00 OK
r-devel-windows-x86_64-new-TK 1.5.2 OK
r-patched-linux-x86_64 1.5.2 18.59 85.71 104.30 NOTE
r-release-linux-x86_64 1.5.2 NOTE
r-release-macos-arm64 1.5.2 OK
r-release-macos-x86_64 1.5.2 OK
r-release-windows-ix86+x86_64 1.5.2 23.00 87.00 110.00 OK
r-oldrel-macos-x86_64 1.5.2 OK
r-oldrel-windows-ix86+x86_64 1.5.2 22.00 81.00 103.00 OK

Check Details

Version: 1.5.2
Check: for non-standard things in the check directory
Result: NOTE
    Found the following files/directories:
     'hotcold.csv'
Flavors: r-devel-linux-x86_64-debian-clang, r-devel-linux-x86_64-debian-gcc, r-devel-linux-x86_64-fedora-clang, r-devel-linux-x86_64-fedora-gcc, r-patched-linux-x86_64, r-release-linux-x86_64