Last updated on 2023-02-02 04:05:40 CET.
Flavor | Version | Tinstall | Tcheck | Ttotal | Status | Flags |
---|---|---|---|---|---|---|
r-devel-linux-x86_64-debian-clang | 3.0 | 3.26 | 31.35 | 34.61 | OK | |
r-devel-linux-x86_64-debian-gcc | 3.0 | 2.57 | 24.29 | 26.86 | OK | |
r-devel-linux-x86_64-fedora-clang | 3.0 | 43.74 | NOTE | |||
r-devel-linux-x86_64-fedora-gcc | 3.0 | 42.50 | NOTE | |||
r-devel-windows-x86_64 | 3.0 | 13.00 | 61.00 | 74.00 | OK | |
r-patched-linux-x86_64 | 3.0 | 3.01 | 30.82 | 33.83 | OK | |
r-release-linux-x86_64 | 3.0 | 3.22 | 32.61 | 35.83 | OK | |
r-release-macos-arm64 | 3.0 | 20.00 | NOTE | |||
r-release-macos-x86_64 | 3.0 | 26.00 | NOTE | |||
r-release-windows-x86_64 | 3.0 | 11.00 | 66.00 | 77.00 | OK | |
r-oldrel-macos-arm64 | 3.0 | 21.00 | NOTE | |||
r-oldrel-macos-x86_64 | 3.0 | 25.00 | NOTE | |||
r-oldrel-windows-ix86+x86_64 | 3.0 | 13.00 | 58.00 | 71.00 | OK |
Version: 3.0
Check: data for non-ASCII characters
Result: NOTE
Note: found 1 marked UTF-8 string
Flavors: r-devel-linux-x86_64-fedora-clang, r-devel-linux-x86_64-fedora-gcc, r-release-macos-arm64, r-release-macos-x86_64, r-oldrel-macos-arm64, r-oldrel-macos-x86_64