Last updated on 2025-01-18 04:48:20 CET.
Flavor | Version | Tinstall | Tcheck | Ttotal | Status | Flags |
---|---|---|---|---|---|---|
r-devel-linux-x86_64-debian-clang | 4.0 | 99.66 | 248.12 | 347.78 | OK | |
r-devel-linux-x86_64-debian-gcc | 4.0 | 58.15 | 168.92 | 227.07 | OK | |
r-devel-linux-x86_64-fedora-clang | 4.0 | 554.87 | OK | |||
r-devel-linux-x86_64-fedora-gcc | 4.0 | 541.41 | OK | |||
r-devel-windows-x86_64 | 4.0 | 68.00 | 246.00 | 314.00 | OK | |
r-patched-linux-x86_64 | 4.0 | 85.28 | 228.66 | 313.94 | OK | |
r-release-linux-x86_64 | 4.0 | 84.56 | 227.72 | 312.28 | OK | |
r-release-macos-arm64 | 4.0 | 133.00 | NOTE | |||
r-release-macos-x86_64 | 4.0 | 226.00 | NOTE | |||
r-release-windows-x86_64 | 4.0 | 75.00 | 242.00 | 317.00 | OK | |
r-oldrel-macos-arm64 | 4.0 | 176.00 | NOTE | |||
r-oldrel-macos-x86_64 | 4.0 | 298.00 | NOTE | |||
r-oldrel-windows-x86_64 | 4.0 | 98.00 | 303.00 | 401.00 | OK |
Version: 4.0
Check: installed package size
Result: NOTE
installed size is 8.1Mb
sub-directories of 1Mb or more:
R 1.0Mb
libs 5.9Mb
Flavors: r-release-macos-arm64, r-release-macos-x86_64, r-oldrel-macos-arm64, r-oldrel-macos-x86_64