CRAN Package Check Results for Package CARBayesST

Last updated on 2021-10-22 03:55:17 CEST.

Flavor Version Tinstall Tcheck Ttotal Status Flags
r-devel-linux-x86_64-debian-clang 3.2.1 111.83 439.27 551.10 OK
r-devel-linux-x86_64-debian-gcc 3.2.1 89.78 323.08 412.86 OK
r-devel-linux-x86_64-fedora-clang 3.2.1 705.50 NOTE
r-devel-linux-x86_64-fedora-gcc 3.2.1 663.32 OK
r-devel-windows-x86_64 3.2.1 139.00 486.00 625.00 OK
r-devel-windows-x86_64-gcc10-UCRT 3.2.1 OK
r-patched-linux-x86_64 3.2.1 90.46 419.74 510.20 OK
r-patched-solaris-x86 3.2.1 787.90 OK
r-release-linux-x86_64 3.2.1 74.41 423.88 498.29 OK
r-release-macos-arm64 3.2.1 NOTE
r-release-macos-x86_64 3.2.1 NOTE
r-release-windows-ix86+x86_64 3.2.1 193.00 608.00 801.00 OK
r-oldrel-macos-x86_64 3.2.1 NOTE
r-oldrel-windows-ix86+x86_64 3.2.1 182.00 433.00 615.00 OK

Check Details

Version: 3.2.1
Check: installed package size
Result: NOTE
     installed size is 8.2Mb
     sub-directories of 1Mb or more:
     libs 6.6Mb
Flavors: r-devel-linux-x86_64-fedora-clang, r-release-macos-arm64, r-release-macos-x86_64, r-oldrel-macos-x86_64