CRAN Package Check Results for Package BurStMisc

Last updated on 2021-12-03 03:55:25 CET.

Flavor Version Tinstall Tcheck Ttotal Status Flags
r-devel-linux-x86_64-debian-clang 1.1 2.61 25.01 27.62 NOTE
r-devel-linux-x86_64-debian-gcc 1.1 1.87 20.00 21.87 NOTE
r-devel-linux-x86_64-fedora-clang 1.1 45.66 NOTE
r-devel-linux-x86_64-fedora-gcc 1.1 36.25 NOTE
r-devel-windows-x86_64-new-UL 1.1 6.00 64.00 70.00 NOTE
r-devel-windows-x86_64-new-TK 1.1 NOTE
r-devel-windows-x86_64-old 1.1 4.00 33.00 37.00 NOTE
r-patched-linux-x86_64 1.1 2.47 24.64 27.11 NOTE
r-patched-solaris-x86 1.1 56.50 NOTE
r-release-linux-x86_64 1.1 2.65 24.62 27.27 NOTE
r-release-macos-arm64 1.1 NOTE
r-release-macos-x86_64 1.1 NOTE
r-release-windows-ix86+x86_64 1.1 5.00 46.00 51.00 NOTE
r-oldrel-macos-x86_64 1.1 OK
r-oldrel-windows-ix86+x86_64 1.1 5.00 46.00 51.00 OK

Check Details

Version: 1.1
Check: LazyData
Result: NOTE
     'LazyData' is specified without a 'data' directory
Flavors: r-devel-linux-x86_64-debian-clang, r-devel-linux-x86_64-debian-gcc, r-devel-linux-x86_64-fedora-clang, r-devel-linux-x86_64-fedora-gcc, r-devel-windows-x86_64-new-UL, r-devel-windows-x86_64-new-TK, r-devel-windows-x86_64-old, r-patched-linux-x86_64, r-patched-solaris-x86, r-release-linux-x86_64, r-release-macos-arm64, r-release-macos-x86_64, r-release-windows-ix86+x86_64

Version: 1.1
Check: Rd cross-references
Result: NOTE
    Undeclared packages ‘Hmisc’, ‘gtools’ in Rd xrefs
Flavor: r-devel-linux-x86_64-fedora-clang