Last updated on 2023-02-08 04:06:56 CET.
Flavor | Version | Tinstall | Tcheck | Ttotal | Status | Flags |
---|---|---|---|---|---|---|
r-devel-linux-x86_64-debian-clang | 1.0.9 | 75.51 | 561.05 | 636.56 | OK | |
r-devel-linux-x86_64-debian-gcc | 1.0.9 | 63.84 | 412.95 | 476.79 | OK | |
r-devel-linux-x86_64-fedora-clang | 1.0.9 | 846.62 | OK | |||
r-devel-linux-x86_64-fedora-gcc | 1.0.9 | 835.23 | OK | |||
r-devel-windows-x86_64 | 1.0.9 | 99.00 | 582.00 | 681.00 | OK | |
r-patched-linux-x86_64 | 1.0.9 | 65.80 | 581.14 | 646.94 | OK | |
r-release-linux-x86_64 | 1.0.9 | 68.61 | 567.14 | 635.75 | OK | |
r-release-macos-arm64 | 1.0.9 | 14.00 | ERROR | |||
r-release-macos-x86_64 | 1.0.9 | 300.00 | OK | |||
r-release-windows-x86_64 | 1.0.9 | 96.00 | 604.00 | 700.00 | OK | |
r-oldrel-macos-arm64 | 1.0.9 | 362.00 | OK | |||
r-oldrel-macos-x86_64 | 1.0.9 | 388.00 | WARN | |||
r-oldrel-windows-ix86+x86_64 | 1.0.9 | 157.00 | 568.00 | 725.00 | OK |
Version: 1.0.9
Check: package dependencies
Result: ERROR
Package required but not available: ‘DiffBind’
See section ‘The DESCRIPTION file’ in the ‘Writing R Extensions’
manual.
Flavor: r-release-macos-arm64
Version: 1.0.9
Check: whether package can be installed
Result: WARN
Found the following significant warnings:
Warning: multiple methods tables found for ‘export’
Flavor: r-oldrel-macos-x86_64