CRAN Package Check Results for Package BranchGLM

Last updated on 2023-02-01 03:54:09 CET.

Flavor Version Tinstall Tcheck Ttotal Status Flags
r-devel-linux-x86_64-debian-clang 2.0.1 130.14 54.00 184.14 NOTE
r-devel-linux-x86_64-debian-gcc 2.0.1 105.11 39.22 144.33 NOTE
r-devel-linux-x86_64-fedora-clang 2.0.1 278.92 NOTE
r-devel-linux-x86_64-fedora-gcc 2.0.1 257.10 NOTE
r-devel-windows-x86_64 2.0.1 179.00 114.00 293.00 NOTE
r-patched-linux-x86_64 2.0.1 121.72 50.12 171.84 OK
r-release-linux-x86_64 2.0.1 119.08 49.16 168.24 OK
r-release-macos-arm64 2.0.1 71.00 NOTE
r-release-macos-x86_64 2.0.1 87.00 NOTE
r-release-windows-x86_64 2.0.1 122.00 112.00 234.00 OK
r-oldrel-macos-arm64 2.0.1 71.00 NOTE
r-oldrel-macos-x86_64 2.0.1 93.00 NOTE
r-oldrel-windows-ix86+x86_64 2.0.1 320.00 121.00 441.00 OK

Check Details

Version: 2.0.1
Check: C++ specification
Result: NOTE
     Specified C++11: please update to current default of C++17
Flavors: r-devel-linux-x86_64-debian-clang, r-devel-linux-x86_64-debian-gcc, r-devel-linux-x86_64-fedora-clang, r-devel-linux-x86_64-fedora-gcc, r-devel-windows-x86_64

Version: 2.0.1
Check: installed package size
Result: NOTE
     installed size is 7.0Mb
     sub-directories of 1Mb or more:
     libs 6.7Mb
Flavors: r-release-macos-arm64, r-release-macos-x86_64, r-oldrel-macos-arm64, r-oldrel-macos-x86_64