CRAN Package Check Results for Package BranchGLM

Last updated on 2024-03-02 02:48:34 CET.

Flavor Version Tinstall Tcheck Ttotal Status Flags
r-devel-linux-x86_64-debian-clang 2.1.4 164.33 73.86 238.19 OK
r-devel-linux-x86_64-debian-gcc 2.1.4 138.70 56.01 194.71 OK
r-devel-linux-x86_64-fedora-clang 2.1.4 353.68 OK
r-devel-linux-x86_64-fedora-gcc 2.1.4 373.13 OK
r-devel-windows-x86_64 2.1.4 128.00 111.00 239.00 OK
r-patched-linux-x86_64 2.1.4 173.32 72.90 246.22 OK
r-release-linux-x86_64 2.1.4 167.94 74.77 242.71 OK
r-release-macos-arm64 2.1.4 88.00 NOTE
r-release-macos-x86_64 2.1.4 173.00 NOTE
r-release-windows-x86_64 2.1.4 129.00 129.00 258.00 OK
r-oldrel-macos-arm64 2.1.4 82.00 NOTE
r-oldrel-windows-x86_64 2.1.4 154.00 127.00 281.00 OK

Check Details

Version: 2.1.4
Check: installed package size
Result: NOTE installed size is 7.9Mb sub-directories of 1Mb or more: libs 7.5Mb Flavors: r-release-macos-arm64, r-release-macos-x86_64, r-oldrel-macos-arm64