Last updated on 2023-02-02 04:05:40 CET.
Flavor | Version | Tinstall | Tcheck | Ttotal | Status | Flags |
---|---|---|---|---|---|---|
r-devel-linux-x86_64-debian-clang | 0.2.2 | 2.01 | 26.77 | 28.78 | OK | |
r-devel-linux-x86_64-debian-gcc | 0.2.2 | 1.65 | 20.84 | 22.49 | OK | |
r-devel-linux-x86_64-fedora-clang | 0.2.2 | 37.07 | OK | |||
r-devel-linux-x86_64-fedora-gcc | 0.2.2 | 36.53 | OK | |||
r-patched-linux-x86_64 | 0.2.2 | 2.32 | 26.46 | 28.78 | OK | |
r-release-linux-x86_64 | 0.2.2 | 2.10 | 27.44 | 29.54 | OK | |
r-release-macos-arm64 | 0.2.2 | 17.00 | NOTE | |||
r-release-macos-x86_64 | 0.2.2 | 22.00 | OK | |||
r-release-windows-x86_64 | 0.2.2 | 18.00 | 59.00 | 77.00 | OK | |
r-oldrel-macos-arm64 | 0.2.2 | 19.00 | NOTE | |||
r-oldrel-macos-x86_64 | 0.2.2 | 29.00 | NOTE | |||
r-oldrel-windows-ix86+x86_64 | 0.2.2 | 6.00 | 53.00 | 59.00 | OK |
Version: 0.2.2
Check: package dependencies
Result: NOTE
Package suggested but not available for checking: ‘IHW’
Flavors: r-release-macos-arm64, r-oldrel-macos-arm64, r-oldrel-macos-x86_64