CRAN Package Check Results for Package BioCircos

Last updated on 2024-07-21 15:53:29 CEST.

Flavor Version Tinstall Tcheck Ttotal Status Flags
r-devel-linux-x86_64-debian-clang 0.3.4 3.79 47.60 51.39 NOTE
r-devel-linux-x86_64-debian-gcc 0.3.4 3.48 35.88 39.36 NOTE
r-devel-linux-x86_64-fedora-clang 0.3.4 65.91 NOTE
r-devel-linux-x86_64-fedora-gcc 0.3.4 75.01 NOTE
r-devel-windows-x86_64 0.3.4 5.00 58.00 63.00 NOTE
r-patched-linux-x86_64 0.3.4 4.35 45.12 49.47 NOTE
r-release-linux-x86_64 0.3.4 3.00 44.87 47.87 NOTE
r-release-macos-arm64 0.3.4 30.00 NOTE
r-release-macos-x86_64 0.3.4 47.00 NOTE
r-release-windows-x86_64 0.3.4 5.00 56.00 61.00 NOTE
r-oldrel-macos-arm64 0.3.4 30.00 NOTE
r-oldrel-macos-x86_64 0.3.4 47.00 NOTE
r-oldrel-windows-x86_64 0.3.4 7.00 62.00 69.00 NOTE

Check Details

Version: 0.3.4
Check: LazyData
Result: NOTE 'LazyData' is specified without a 'data' directory Flavors: r-devel-linux-x86_64-debian-clang, r-devel-linux-x86_64-debian-gcc, r-devel-linux-x86_64-fedora-clang, r-devel-linux-x86_64-fedora-gcc, r-devel-windows-x86_64, r-patched-linux-x86_64, r-release-linux-x86_64, r-release-macos-arm64, r-release-macos-x86_64, r-release-windows-x86_64, r-oldrel-macos-arm64, r-oldrel-macos-x86_64, r-oldrel-windows-x86_64