CRAN Package Check Results for Package BinaryDosage

Last updated on 2023-01-28 15:50:22 CET.

Flavor Version Tinstall Tcheck Ttotal Status Flags
r-devel-linux-x86_64-debian-clang 1.0.0 41.88 117.92 159.80 NOTE
r-devel-linux-x86_64-debian-gcc 1.0.0 37.02 89.38 126.40 NOTE
r-devel-linux-x86_64-fedora-clang 1.0.0 231.34 NOTE
r-devel-linux-x86_64-fedora-gcc 1.0.0 224.17 NOTE
r-devel-windows-x86_64 1.0.0 112.00 174.00 286.00 NOTE
r-patched-linux-x86_64 1.0.0 36.02 114.07 150.09 NOTE
r-release-linux-x86_64 1.0.0 41.54 99.34 140.88 NOTE
r-release-macos-arm64 1.0.0 54.00 NOTE
r-release-macos-x86_64 1.0.0 98.00 NOTE
r-release-windows-x86_64 1.0.0 106.00 170.00 276.00 NOTE
r-oldrel-macos-arm64 1.0.0 68.00 NOTE
r-oldrel-macos-x86_64 1.0.0 127.00 NOTE
r-oldrel-windows-ix86+x86_64 1.0.0 106.00 191.00 297.00 NOTE

Check Details

Version: 1.0.0
Check: LazyData
Result: NOTE
     'LazyData' is specified without a 'data' directory
Flavors: r-devel-linux-x86_64-debian-clang, r-devel-linux-x86_64-debian-gcc, r-devel-linux-x86_64-fedora-clang, r-devel-linux-x86_64-fedora-gcc, r-devel-windows-x86_64, r-patched-linux-x86_64, r-release-linux-x86_64, r-release-macos-arm64, r-release-macos-x86_64, r-release-windows-x86_64, r-oldrel-macos-arm64, r-oldrel-macos-x86_64, r-oldrel-windows-ix86+x86_64

Version: 1.0.0
Check: C++ specification
Result: NOTE
     Specified C++11: please update to current default of C++17
Flavors: r-devel-linux-x86_64-debian-gcc, r-devel-linux-x86_64-fedora-gcc