CRAN Package Check Results for Package BiProbitPartial

Last updated on 2022-01-29 03:59:15 CET.

Flavor Version Tinstall Tcheck Ttotal Status Flags
r-devel-linux-x86_64-debian-clang 1.0.3 40.24 55.93 96.17 OK
r-devel-linux-x86_64-debian-gcc 1.0.3 30.74 42.36 73.10 OK
r-devel-linux-x86_64-fedora-clang 1.0.3 130.09 OK
r-devel-linux-x86_64-fedora-gcc 1.0.3 115.09 OK
r-devel-windows-x86_64-new-UL 1.0.3 61.00 100.00 161.00 OK
r-devel-windows-x86_64-new-TK 1.0.3 ERROR
r-patched-linux-x86_64 1.0.3 33.21 52.29 85.50 OK
r-release-linux-x86_64 1.0.3 38.32 52.15 90.47 OK
r-release-macos-arm64 1.0.3 OK
r-release-macos-x86_64 1.0.3 OK
r-release-windows-ix86+x86_64 1.0.3 93.00 112.00 205.00 OK
r-oldrel-macos-x86_64 1.0.3 OK
r-oldrel-windows-ix86+x86_64 1.0.3 94.00 118.00 212.00 OK

Check Details

Version: 1.0.3
Check: package dependencies
Result: NOTE
    Package suggested but not available for checking: 'sampleSelection'
Flavor: r-devel-windows-x86_64-new-TK

Version: 1.0.3
Check: examples
Result: ERROR
    Running examples in 'BiProbitPartial-Ex.R' failed
    The error most likely occurred in:
    
    > ### Name: BiProbitPartial
    > ### Title: Bivariate probit with partial observability
    > ### Aliases: BiProbitPartial
    >
    > ### ** Examples
    >
    > data('Mroz87',package = 'sampleSelection')
    Error in find.package(package, lib.loc, verbose = verbose) :
     there is no package called 'sampleSelection'
    Calls: data -> find.package
    Execution halted
Flavor: r-devel-windows-x86_64-new-TK