CRAN Package Check Results for Package BetaPASS

Last updated on 2021-10-16 15:50:39 CEST.

Flavor Version Tinstall Tcheck Ttotal Status Flags
r-devel-linux-x86_64-debian-clang 1.1-1 2.16 67.02 69.18 NOTE
r-devel-linux-x86_64-debian-gcc 1.1-1 1.79 49.13 50.92 NOTE
r-devel-linux-x86_64-fedora-clang 1.1-1 91.75 NOTE
r-devel-linux-x86_64-fedora-gcc 1.1-1 81.52 NOTE
r-devel-windows-x86_64 1.1-1 5.00 84.00 89.00 NOTE
r-devel-windows-x86_64-gcc10-UCRT 1.1-1 NOTE
r-patched-linux-x86_64 1.1-1 2.62 62.86 65.48 NOTE
r-patched-solaris-x86 1.1-1 71.80 NOTE
r-release-linux-x86_64 1.1-1 2.65 64.24 66.89 NOTE
r-release-macos-arm64 1.1-1 NOTE
r-release-macos-x86_64 1.1-1 NOTE
r-release-windows-ix86+x86_64 1.1-1 6.00 93.00 99.00 NOTE
r-oldrel-macos-x86_64 1.1-1 OK
r-oldrel-windows-ix86+x86_64 1.1-1 5.00 94.00 99.00 OK

Check Details

Version: 1.1-1
Check: LazyData
Result: NOTE
     'LazyData' is specified without a 'data' directory
Flavors: r-devel-linux-x86_64-debian-clang, r-devel-linux-x86_64-debian-gcc, r-devel-linux-x86_64-fedora-clang, r-devel-linux-x86_64-fedora-gcc, r-devel-windows-x86_64, r-devel-windows-x86_64-gcc10-UCRT, r-patched-linux-x86_64, r-patched-solaris-x86, r-release-linux-x86_64, r-release-macos-arm64, r-release-macos-x86_64, r-release-windows-ix86+x86_64