CRAN Package Check Results for Package BetaBit

Last updated on 2021-12-08 03:58:13 CET.

Flavor Version Tinstall Tcheck Ttotal Status Flags
r-devel-linux-x86_64-debian-clang 1.4 4.83 34.00 38.83 OK
r-devel-linux-x86_64-debian-gcc 1.4 3.86 33.24 37.10 OK
r-devel-linux-x86_64-fedora-clang 1.4 58.90 NOTE
r-devel-linux-x86_64-fedora-gcc 1.4 50.68 NOTE
r-devel-windows-x86_64-new-UL 1.4 11.00 70.00 81.00 OK
r-devel-windows-x86_64-new-TK 1.4 NOTE
r-devel-windows-x86_64-old 1.4 7.00 54.00 61.00 OK
r-patched-linux-x86_64 1.4 4.74 40.11 44.85 OK
r-release-linux-x86_64 1.4 4.57 40.48 45.05 OK
r-release-macos-arm64 1.4 NOTE
r-release-macos-x86_64 1.4 NOTE
r-release-windows-ix86+x86_64 1.4 6.00 39.00 45.00 OK
r-oldrel-macos-x86_64 1.4 NOTE
r-oldrel-windows-ix86+x86_64 1.4 28.00 51.00 79.00 OK

Check Details

Version: 1.4
Check: data for non-ASCII characters
Result: NOTE
     Note: found 20 marked UTF-8 strings
Flavors: r-devel-linux-x86_64-fedora-clang, r-devel-linux-x86_64-fedora-gcc, r-devel-windows-x86_64-new-TK, r-release-macos-arm64, r-release-macos-x86_64, r-oldrel-macos-x86_64