CRAN Package Check Results for Package BeastJar

Last updated on 2021-12-02 15:52:32 CET.

Flavor Version Tinstall Tcheck Ttotal Status Flags
r-devel-linux-x86_64-debian-clang 1.10.6 4.65 37.10 41.75 NOTE
r-devel-linux-x86_64-debian-gcc 1.10.6 3.29 28.92 32.21 NOTE
r-devel-linux-x86_64-fedora-clang 1.10.6 59.09 NOTE
r-devel-linux-x86_64-fedora-gcc 1.10.6 52.81 NOTE
r-devel-windows-x86_64-new-UL 1.10.6 8.00 73.00 81.00 NOTE
r-devel-windows-x86_64-new-TK 1.10.6 NOTE
r-devel-windows-x86_64-old 1.10.6 7.00 43.00 50.00 NOTE
r-patched-linux-x86_64 1.10.6 4.50 35.85 40.35 NOTE
r-patched-solaris-x86 1.10.6 74.80 NOTE
r-release-linux-x86_64 1.10.6 4.43 35.57 40.00 NOTE
r-release-macos-arm64 1.10.6 NOTE
r-release-macos-x86_64 1.10.6 NOTE
r-release-windows-ix86+x86_64 1.10.6 11.00 63.00 74.00 NOTE
r-oldrel-macos-x86_64 1.10.6 NOTE
r-oldrel-windows-ix86+x86_64 1.10.6 21.00 59.00 80.00 NOTE

Check Details

Version: 1.10.6
Check: LazyData
Result: NOTE
     'LazyData' is specified without a 'data' directory
Flavors: r-devel-linux-x86_64-debian-clang, r-devel-linux-x86_64-debian-gcc, r-devel-linux-x86_64-fedora-clang, r-devel-linux-x86_64-fedora-gcc, r-devel-windows-x86_64-new-UL, r-devel-windows-x86_64-new-TK, r-devel-windows-x86_64-old, r-patched-linux-x86_64, r-patched-solaris-x86, r-release-linux-x86_64, r-release-macos-arm64, r-release-macos-x86_64, r-release-windows-ix86+x86_64

Version: 1.10.6
Check: installed package size
Result: NOTE
     installed size is 7.8Mb
     sub-directories of 1Mb or more:
     java 7.7Mb
Flavors: r-devel-linux-x86_64-fedora-clang, r-devel-windows-x86_64-new-UL, r-devel-windows-x86_64-old, r-patched-solaris-x86, r-release-macos-arm64, r-release-macos-x86_64, r-release-windows-ix86+x86_64, r-oldrel-macos-x86_64, r-oldrel-windows-ix86+x86_64