CRAN Package Check Results for Package BayesMFSurv

Last updated on 2022-01-23 15:49:00 CET.

Flavor Version Tinstall Tcheck Ttotal Status Flags
r-devel-linux-x86_64-debian-clang 0.1.0 41.76 146.66 188.42 OK
r-devel-linux-x86_64-debian-gcc 0.1.0 35.12 122.59 157.71 OK
r-devel-linux-x86_64-fedora-clang 0.1.0 240.87 NOTE
r-devel-linux-x86_64-fedora-gcc 0.1.0 218.16 NOTE
r-devel-windows-x86_64-new-UL 0.1.0 54.00 182.00 236.00 OK
r-devel-windows-x86_64-new-TK 0.1.0 NOTE
r-patched-linux-x86_64 0.1.0 39.10 138.25 177.35 OK
r-release-linux-x86_64 0.1.0 37.56 137.31 174.87 OK
r-release-macos-arm64 0.1.0 NOTE
r-release-macos-x86_64 0.1.0 NOTE
r-release-windows-ix86+x86_64 0.1.0 105.00 240.00 345.00 OK
r-oldrel-macos-x86_64 0.1.0 NOTE
r-oldrel-windows-ix86+x86_64 0.1.0 104.00 240.00 344.00 OK

Check Details

Version: 0.1.0
Check: dependencies in R code
Result: NOTE
    Namespace in Imports field not imported from: ‘FastGP’
     All declared Imports should be used.
Flavors: r-devel-linux-x86_64-fedora-clang, r-devel-linux-x86_64-fedora-gcc, r-devel-windows-x86_64-new-TK, r-release-macos-arm64, r-release-macos-x86_64, r-oldrel-macos-x86_64