CRAN Package Check Results for Package BayesFactor

Last updated on 2021-12-06 03:52:51 CET.

Flavor Version Tinstall Tcheck Ttotal Status Flags
r-devel-linux-x86_64-debian-clang 0.9.12-4.2 255.00 278.49 533.49 OK
r-devel-linux-x86_64-debian-gcc 0.9.12-4.2 184.02 215.18 399.20 OK
r-devel-linux-x86_64-fedora-clang 0.9.12-4.2 795.25 NOTE
r-devel-linux-x86_64-fedora-gcc 0.9.12-4.2 723.41 OK
r-devel-windows-x86_64-new-UL 0.9.12-4.2 320.00 382.00 702.00 NOTE
r-devel-windows-x86_64-new-TK 0.9.12-4.2 NOTE
r-devel-windows-x86_64-old 0.9.12-4.2 350.00 388.00 738.00 NOTE
r-patched-linux-x86_64 0.9.12-4.2 220.64 278.65 499.29 OK
r-release-linux-x86_64 0.9.12-4.2 222.49 282.94 505.43 OK
r-release-macos-arm64 0.9.12-4.2 NOTE
r-release-macos-x86_64 0.9.12-4.2 NOTE
r-release-windows-ix86+x86_64 0.9.12-4.2 618.00 405.00 1023.00 NOTE
r-oldrel-macos-x86_64 0.9.12-4.2 NOTE
r-oldrel-windows-ix86+x86_64 0.9.12-4.2 625.00 407.00 1032.00 NOTE

Check Details

Version: 0.9.12-4.2
Check: installed package size
Result: NOTE
     installed size is 20.8Mb
     sub-directories of 1Mb or more:
     doc 5.4Mb
     libs 14.2Mb
Flavors: r-devel-linux-x86_64-fedora-clang, r-devel-windows-x86_64-new-UL, r-devel-windows-x86_64-old, r-release-macos-arm64, r-release-macos-x86_64, r-release-windows-ix86+x86_64, r-oldrel-macos-x86_64, r-oldrel-windows-ix86+x86_64

Version: 0.9.12-4.2
Check: package dependencies
Result: NOTE
    Package suggested but not available for checking: 'doMC'
Flavors: r-devel-windows-x86_64-new-UL, r-devel-windows-x86_64-new-TK, r-devel-windows-x86_64-old, r-release-windows-ix86+x86_64, r-oldrel-windows-ix86+x86_64