CRAN Package Check Results for Package BayesFM

Last updated on 2021-10-26 15:51:04 CEST.

Flavor Version Tinstall Tcheck Ttotal Status Flags
r-devel-linux-x86_64-debian-clang 0.1.4 13.02 78.66 91.68 WARN
r-devel-linux-x86_64-debian-gcc 0.1.4 11.71 57.77 69.48 WARN
r-devel-linux-x86_64-fedora-clang 0.1.4 123.79 WARN
r-devel-linux-x86_64-fedora-gcc 0.1.4 111.86 WARN
r-devel-windows-x86_64 0.1.4 28.00 107.00 135.00 OK
r-devel-windows-x86_64-gcc10-UCRT 0.1.4 OK
r-patched-linux-x86_64 0.1.4 13.83 74.41 88.24 WARN
r-patched-solaris-x86 0.1.4 154.30 OK
r-release-linux-x86_64 0.1.4 14.93 73.89 88.82 WARN
r-release-macos-arm64 0.1.4 OK
r-release-macos-x86_64 0.1.4 OK
r-release-windows-ix86+x86_64 0.1.4 36.00 155.00 191.00 OK
r-oldrel-macos-x86_64 0.1.4 OK
r-oldrel-windows-ix86+x86_64 0.1.4 44.00 157.00 201.00 OK

Check Details

Version: 0.1.4
Check: top-level files
Result: WARN
     Output from running autoreconf:
     /usr/share/autoconf/autoconf/trailer.m4:4: warning: AC_OUTPUT was never used
Flavors: r-devel-linux-x86_64-debian-clang, r-devel-linux-x86_64-debian-gcc, r-patched-linux-x86_64, r-release-linux-x86_64

Version: 0.1.4
Check: top-level files
Result: WARN
     Output from running autoreconf:
     /usr/local/share/autoconf/autoconf/trailer.m4:4: warning: AC_OUTPUT was never used
Flavors: r-devel-linux-x86_64-fedora-clang, r-devel-linux-x86_64-fedora-gcc