CRAN Package Check Results for Package BayesCombo

Last updated on 2023-02-05 15:55:07 CET.

Flavor Version Tinstall Tcheck Ttotal Status Flags
r-devel-linux-x86_64-debian-clang 1.0 1.71 27.46 29.17 NOTE
r-devel-linux-x86_64-debian-gcc 1.0 1.68 21.57 23.25 NOTE
r-devel-linux-x86_64-fedora-clang 1.0 38.30 NOTE
r-devel-linux-x86_64-fedora-gcc 1.0 48.14 NOTE
r-devel-windows-x86_64 1.0 19.00 58.00 77.00 NOTE
r-patched-linux-x86_64 1.0 2.53 27.64 30.17 NOTE
r-release-linux-x86_64 1.0 2.07 27.08 29.15 NOTE
r-release-macos-arm64 1.0 18.00 NOTE
r-release-macos-x86_64 1.0 26.00 NOTE
r-release-windows-x86_64 1.0 22.00 59.00 81.00 NOTE
r-oldrel-macos-arm64 1.0 21.00 NOTE
r-oldrel-macos-x86_64 1.0 31.00 NOTE
r-oldrel-windows-ix86+x86_64 1.0 5.00 53.00 58.00 NOTE

Check Details

Version: 1.0
Check: LazyData
Result: NOTE
     'LazyData' is specified without a 'data' directory
Flavors: r-devel-linux-x86_64-debian-clang, r-devel-linux-x86_64-debian-gcc, r-devel-linux-x86_64-fedora-clang, r-devel-linux-x86_64-fedora-gcc, r-devel-windows-x86_64, r-patched-linux-x86_64, r-release-linux-x86_64, r-release-macos-arm64, r-release-macos-x86_64, r-release-windows-x86_64, r-oldrel-macos-arm64, r-oldrel-macos-x86_64, r-oldrel-windows-ix86+x86_64