CRAN Package Check Results for Package BaseSet

Last updated on 2021-10-17 15:48:51 CEST.

Flavor Version Tinstall Tcheck Ttotal Status Flags
r-devel-linux-x86_64-debian-clang 0.0.17 9.06 305.15 314.21 OK
r-devel-linux-x86_64-debian-gcc 0.0.17 7.90 218.73 226.63 OK
r-devel-linux-x86_64-fedora-clang 0.0.17 380.59 OK
r-devel-linux-x86_64-fedora-gcc 0.0.17 376.14 OK
r-devel-windows-x86_64 0.0.17 17.00 368.00 385.00 OK
r-devel-windows-x86_64-gcc10-UCRT 0.0.17 OK
r-patched-linux-x86_64 0.0.17 12.98 291.85 304.83 OK
r-patched-solaris-x86 0.0.17 160.80 OK
r-release-linux-x86_64 0.0.17 8.70 291.28 299.98 OK
r-release-macos-arm64 0.0.17 NOTE
r-release-macos-x86_64 0.0.17 NOTE
r-release-windows-ix86+x86_64 0.0.17 22.00 368.00 390.00 OK
r-oldrel-macos-x86_64 0.0.17 NOTE
r-oldrel-windows-ix86+x86_64 0.0.17 21.00 357.00 378.00 OK

Check Details

Version: 0.0.17
Check: package dependencies
Result: NOTE
    Packages suggested but not available for checking:
     'GO.db', 'GSEABase', 'org.Hs.eg.db', 'reactome.db'
Flavor: r-release-macos-arm64

Version: 0.0.17
Check: package dependencies
Result: NOTE
    Packages suggested but not available for checking:
     'GO.db', 'org.Hs.eg.db', 'reactome.db'
Flavor: r-release-macos-x86_64

Version: 0.0.17
Check: package dependencies
Result: NOTE
    Package suggested but not available for checking: ‘reactome.db’
Flavor: r-oldrel-macos-x86_64