CRAN Package Check Results for Package BT

Last updated on 2025-01-15 03:49:36 CET.

Flavor Version Tinstall Tcheck Ttotal Status Flags
r-devel-linux-x86_64-debian-clang 0.4 3.11 371.65 374.76 NOTE
r-devel-linux-x86_64-debian-gcc 0.4 2.29 271.81 274.10 NOTE
r-devel-linux-x86_64-fedora-clang 0.4 602.45 OK
r-devel-linux-x86_64-fedora-gcc 0.4 686.39 OK
r-devel-windows-x86_64 0.4 4.00 516.00 520.00 NOTE
r-patched-linux-x86_64 0.4 3.44 360.99 364.43 OK
r-release-linux-x86_64 0.4 2.95 358.18 361.13 OK
r-release-macos-arm64 0.4 213.00 OK
r-release-macos-x86_64 0.4 387.00 OK
r-release-windows-x86_64 0.4 4.00 502.00 506.00 OK
r-oldrel-macos-arm64 0.4 211.00 OK
r-oldrel-macos-x86_64 0.4 751.00 OK
r-oldrel-windows-x86_64 0.4 4.00 536.00 540.00 OK

Check Details

Version: 0.4
Check: Rd cross-references
Result: NOTE Found the following Rd file(s) with Rd \link{} targets missing package anchors: BT.Rd: rpart, rpart.control BT_Call.Rd: rpart.control Please provide package anchors for all Rd \link{} targets not in the package itself and the base packages. Flavors: r-devel-linux-x86_64-debian-clang, r-devel-linux-x86_64-debian-gcc, r-devel-windows-x86_64