CRAN Package Check Results for Package BINtools

Last updated on 2025-01-18 04:48:20 CET.

Flavor Version Tinstall Tcheck Ttotal Status Flags
r-devel-linux-x86_64-debian-clang 0.2.0 631.95 197.54 829.49 OK
r-devel-linux-x86_64-debian-gcc 0.2.0 628.03 231.49 859.52 OK
r-devel-linux-x86_64-fedora-clang 0.2.0 1367.73 OK
r-devel-linux-x86_64-fedora-gcc 0.2.0 2089.52 OK
r-devel-windows-x86_64 0.2.0 618.00 327.00 945.00 OK
r-patched-linux-x86_64 0.2.0 782.72 278.40 1061.12 NOTE
r-release-linux-x86_64 0.2.0 780.80 277.93 1058.73 NOTE
r-release-macos-arm64 0.2.0 350.00 NOTE
r-release-macos-x86_64 0.2.0 356.00 NOTE
r-release-windows-x86_64 0.2.0 614.00 334.00 948.00 NOTE
r-oldrel-macos-arm64 0.2.0 401.00 NOTE
r-oldrel-macos-x86_64 0.2.0 625.00 NOTE
r-oldrel-windows-x86_64 0.2.0 811.00 414.00 1225.00 NOTE

Check Details

Version: 0.2.0
Check: for GNU extensions in Makefiles
Result: NOTE GNU make is a SystemRequirements. Flavors: r-patched-linux-x86_64, r-release-linux-x86_64, r-release-macos-arm64, r-release-macos-x86_64, r-release-windows-x86_64, r-oldrel-macos-arm64, r-oldrel-macos-x86_64, r-oldrel-windows-x86_64

Version: 0.2.0
Check: installed package size
Result: NOTE installed size is 96.3Mb sub-directories of 1Mb or more: libs 95.8Mb Flavors: r-release-macos-arm64, r-release-macos-x86_64, r-release-windows-x86_64, r-oldrel-macos-arm64, r-oldrel-macos-x86_64, r-oldrel-windows-x86_64