Last updated on 2022-06-26 03:49:55 CEST.
Flavor | Version | Tinstall | Tcheck | Ttotal | Status | Flags |
---|---|---|---|---|---|---|
r-devel-linux-x86_64-debian-clang | 2.5.0 | 122.97 | 305.94 | 428.91 | NOTE | |
r-devel-linux-x86_64-debian-gcc | 2.5.0 | 103.90 | 222.38 | 326.28 | NOTE | |
r-devel-linux-x86_64-fedora-clang | 2.5.0 | 560.46 | NOTE | |||
r-devel-linux-x86_64-fedora-gcc | 2.5.0 | 537.80 | NOTE | |||
r-devel-windows-x86_64 | 2.5.0 | 100.00 | 340.00 | 440.00 | NOTE | |
r-patched-linux-x86_64 | 2.5.0 | 114.28 | 296.34 | 410.62 | NOTE | |
r-release-linux-x86_64 | 2.5.0 | 109.95 | 289.81 | 399.76 | NOTE | |
r-release-macos-arm64 | 2.5.0 | 144.00 | NOTE | |||
r-release-macos-x86_64 | 2.5.0 | 191.00 | NOTE | |||
r-release-windows-x86_64 | 2.5.0 | 110.00 | 341.00 | 451.00 | NOTE | |
r-oldrel-macos-arm64 | 2.5.0 | 132.00 | NOTE | |||
r-oldrel-macos-x86_64 | 2.5.0 | 176.00 | NOTE | |||
r-oldrel-windows-ix86+x86_64 | 2.5.0 | 289.00 | 452.00 | 741.00 | NOTE |
Version: 2.5.0
Check: for GNU extensions in Makefiles
Result: NOTE
GNU make is a SystemRequirements.
Flavors: r-devel-linux-x86_64-debian-clang, r-devel-linux-x86_64-debian-gcc, r-devel-linux-x86_64-fedora-clang, r-devel-linux-x86_64-fedora-gcc, r-devel-windows-x86_64, r-patched-linux-x86_64, r-release-linux-x86_64, r-release-macos-arm64, r-release-macos-x86_64, r-release-windows-x86_64, r-oldrel-macos-arm64, r-oldrel-macos-x86_64, r-oldrel-windows-ix86+x86_64
Version: 2.5.0
Check: installed package size
Result: NOTE
installed size is 9.2Mb
sub-directories of 1Mb or more:
doc 2.8Mb
libs 4.9Mb
Flavors: r-devel-linux-x86_64-fedora-clang, r-devel-windows-x86_64, r-release-macos-arm64, r-release-macos-x86_64, r-release-windows-x86_64, r-oldrel-macos-arm64, r-oldrel-macos-x86_64, r-oldrel-windows-ix86+x86_64
Version: 2.5.0
Check: data for non-ASCII characters
Result: NOTE
Note: found 582 marked UTF-8 strings
Flavors: r-devel-linux-x86_64-fedora-clang, r-devel-linux-x86_64-fedora-gcc, r-release-macos-arm64, r-release-macos-x86_64, r-oldrel-macos-arm64, r-oldrel-macos-x86_64