CRAN Package Check Results for Package BGLR

Last updated on 2021-12-03 03:55:24 CET.

Flavor Version Tinstall Tcheck Ttotal Status Flags
r-devel-linux-x86_64-debian-clang 1.0.9 14.88 71.37 86.25 OK
r-devel-linux-x86_64-debian-gcc 1.0.9 10.35 54.18 64.53 OK
r-devel-linux-x86_64-fedora-clang 1.0.9 116.27 WARN
r-devel-linux-x86_64-fedora-gcc 1.0.9 109.56 WARN
r-devel-windows-x86_64-new-UL 1.0.9 28.00 150.00 178.00 OK
r-devel-windows-x86_64-new-TK 1.0.9 WARN
r-devel-windows-x86_64-old 1.0.9 20.00 70.00 90.00 OK
r-patched-linux-x86_64 1.0.9 14.62 69.49 84.11 OK
r-patched-solaris-x86 1.0.9 132.00 NOTE
r-release-linux-x86_64 1.0.9 14.29 68.72 83.01 OK
r-release-macos-arm64 1.0.9 OK
r-release-macos-x86_64 1.0.9 OK
r-release-windows-ix86+x86_64 1.0.9 26.00 106.00 132.00 OK
r-oldrel-macos-x86_64 1.0.9 OK
r-oldrel-windows-ix86+x86_64 1.0.9 33.00 103.00 136.00 OK

Check Details

Version: 1.0.9
Check: re-building of vignette outputs
Result: WARN
    Error(s) in re-building vignettes:
    --- re-building ‘BGLR-extdoc.Rnw’ using Sweave
    Error: processing vignette 'BGLR-extdoc.Rnw' failed with diagnostics:
    Running 'texi2dvi' on 'BGLR-extdoc.tex' failed.
    LaTeX errors:
    ! Package xcolor Error: Undefined color `Blue'.
    
    See the xcolor package documentation for explanation.
    Type H <return> for immediate help.
     ...
    ! Package xcolor Error: Undefined color `Blue'.
    
    See the xcolor package documentation for explanation.
    Type H <return> for immediate help.
     ...
    ! Package xcolor Error: Undefined color `Blue'.
    
    See the xcolor package documentation for explanation.
    Type H <return> for immediate help.
     ...
    ! Package xcolor Error: Undefined color `Blue'.
    
    See the xcolor package documentation for explanation.
    Type H <return> for immediate help.
     ...
    ! Package xcolor Error: Undefined color `Blue'.
    
    See the xcolor package documentation for explanation.
    Type H <return> for immediate help.
     ...
    ! Package xcolor Error: Undefined color `Blue'.
    
    See the xcolor package documentation for explanation.
    Type H <return> for immediate help.
     ...
    ! Package xcolor Error: Undefined color `Blue'.
    
    See the xcolor package documentation for explanation.
    Type H <return> for immediate help.
     ...
    ! Package xcolor Error: Undefined color `Blue'.
    
    See the xcolor package documentation for explanation.
    Type H <return> for immediate help.
     ...
    ! Package xcolor Error: Undefined color `Blue'.
    
    See the xcolor package documentation for explanation.
    Type H <return> for immediate help.
     ...
    ! Package xcolor Error: Undefined color `Blue'.
    
    See the xcolor package documentation for explanation.
    Type H <return> for immediate help.
     ...
    ! Package xcolor Error: Undefined color `Blue'.
    
    See the xcolor package documentation for explanation.
    Type H <return> for immediate help.
     ...
    ! Package xcolor Error: Undefined color `Blue'.
    
    See the xcolor package documentation for explanation.
    Type H <return> for immediate help.
     ...
    ! Package xcolor Error: Undefined color `Blue'.
    
    See the xcolor package documentation for explanation.
    Type H <return> for immediate help.
     ...
    ! Package xcolor Error: Undefined color `Blue'.
    
    See the xcolor package documentation for explanation.
    Type H <return> for immediate help.
     ...
    ! Package xcolor Error: Undefined color `Blue'.
    
    See the xcolor package documentation for explanation.
    Type H <return> for immediate help.
     ...
    ! Package xcolor Error: Undefined color `Blue'.
    
    See the xcolor package documentation for explanation.
    Type H <return> for immediate help.
     ...
    ! Package xcolor Error: Undefined color `Blue'.
    
    See the xcolor package documentation for explanation.
    Type H <return> for immediate help.
     ...
    ! Package xcolor Error: Undefined color `Blue'.
    
    See the xcolor package documentation for explanation.
    Type H <return> for immediate help.
     ...
    ! Package xcolor Error: Undefined color `Blue'.
    
    See the xcolor package documentation for explanation.
    Type H <return> for immediate help.
     ...
    ! Package xcolor Error: Undefined color `Blue'.
    
    See the xcolor package documentation for explanation.
    Type H <return> for immediate help.
     ...
    ! Package xcolor Error: Undefined color `Blue'.
    
    See the xcolor package documentation for explanation.
    Type H <return> for immediate help.
     ...
    ! Package xcolor Error: Undefined color `Blue'.
    
    See the xcolor package documentation for explanation.
    Type H <return> for immediate help.
     ...
    ! Package xcolor Error: Undefined color `Blue'.
    
    See the xcolor package documentation for explanation.
    Type H <return> for immediate help.
     ...
    ! Package xcolor Error: Undefined color `Blue'.
    
    See the xcolor package documentation for explanation.
    Type H <return> for immediate help.
     ...
    ! Package xcolor Error: Undefined color `Blue'.
    
    See the xcolor package documentation for explanation.
    Type H <return> for immediate help.
     ...
    ! Package xcolor Error: Undefined color `Blue'.
    
    See the xcolor package documentation for explanation.
    Type H <return> for immediate help.
     ...
    ! Package xcolor Error: Undefined color `Blue'.
    
    See the xcolor package documentation for explanation.
    Type H <return> for immediate help.
     ...
    ! Package xcolor Error: Undefined color `Blue'.
    
    See the xcolor package documentation for explanation.
    Type H <return> for immediate help.
     ...
    ! Package xcolor Error: Undefined color `Blue'.
    
    See the xcolor package documentation for explanation.
    Type H <return> for immediate help.
     ...
    ! Package xcolor Error: Undefined color `Blue'.
    
    See the xcolor package documentation for explanation.
    Type H <return> for immediate help.
     ...
    ! Package xcolor Error: Undefined color `Blue'.
    
    See the xcolor package documentation for explanation.
    Type H <return> for immediate help.
     ...
    ! Package xcolor Error: Undefined color `Blue'.
    
    See the xcolor package documentation for explanation.
    Type H <return> for immediate help.
     ...
    ! Package xcolor Error: Undefined color `Red'.
    
    See the xcolor package documentation for explanation.
    Type H <return> for immediate help.
     ...
    ! Package xcolor Error: Undefined color `Blue'.
    
    See the xcolor package documentation for explanation.
    Type H <return> for immediate help.
     ...
    ! Package xcolor Error: Undefined color `Blue'.
    
    See the xcolor package documentation for explanation.
    Type H <return> for immediate help.
     ...
    ! Package xcolor Error: Undefined color `Blue'.
    
    See the xcolor package documentation for explanation.
    Type H <return> for immediate help.
     ...
    ! Package xcolor Error: Undefined color `Blue'.
    
    See the xcolor package documentation for explanation.
    Type H <return> for immediate help.
     ...
    ! Package xcolor Error: Undefined color `Blue'.
    
    See the xcolor package documentation for explanation.
    Type H <return> for immediate help.
     ...
    ! Package xcolor Error: Undefined color `Blue'.
    
    See the xcolor package documentation for explanation.
    Type H <return> for immediate help.
     ...
    ! Package xcolor Error: Undefined color `Blue'.
    
    See the xcolor package documentation for explanation.
    Type H <return> for immediate help.
     ...
    ! Package xcolor Error: Undefined color `Blue'.
    
    See the xcolor package documentation for explanation.
    Type H <return> for immediate help.
     ...
    ! Package xcolor Error: Undefined color `Blue'.
    
    See the xcolor package documentation for explanation.
    Type H <return> for immediate help.
     ...
    ! Package xcolor Error: Undefined color `Blue'.
    
    See the xcolor p
    --- failed re-building ‘BGLR-extdoc.Rnw’
    
    SUMMARY: processing the following file failed:
     ‘BGLR-extdoc.Rnw’
    
    Error: Vignette re-building failed.
    Execution halted
Flavors: r-devel-linux-x86_64-fedora-clang, r-devel-linux-x86_64-fedora-gcc

Version: 1.0.9
Check: re-building of vignette outputs
Result: WARN
    Error(s) in re-building vignettes:
    --- re-building 'BGLR-extdoc.Rnw' using Sweave
    Warning in system(paste(shQuote(texi2dvi), if (quiet) "--quiet" else "", :
     running command '"C:\PROGRA~1\MiKTeX\miktex\bin\x64\texify.exe" --quiet --pdf "BGLR-extdoc.tex" --max-iterations=20 -I "C:/r_packages/rinst/share/texmf/tex/latex" -I "C:/r_packages/rinst/share/texmf/bibtex/bst"' had status 1
    Error: processing vignette 'BGLR-extdoc.Rnw' failed with diagnostics:
    running 'texi2dvi' on 'BGLR-extdoc.tex' failed
    
    LaTeX errors:
    oc.tex:149: Package xcolor Error: Undefined color `Red'.
    
    See the xcolor package documentation for explanation.
    Type H <return> for immediate help.
     ...
    oc.tex:629: Package xcolor Error: Undefined color `Red'.
    
    See the xcolor package documentation for explanation.
    Type H <return> for immediate help.
     ...
    oc.tex:1389: Package xcolor Error: Undefined color `Red'.
    
    See the xcolor package documentation for explanation.
    Type H <return> for immediate help.
     ...
    oc.tex:1680: Package xcolor Error: Undefined color `Red'.
    
    See the xcolor package documentation for explanation.
    Type H <return> for immediate help.
     ...
    oc.tex:1680: Package xcolor Error: Undefined color `Red'.
    
    See the xcolor package documentation for explanation.
    Type H <return> for immediate help.
     ...
    oc.tex:1680: Package xcolor Error: Undefined color `Red'.
    
    See the xcolor package documentation for explanation.
    Type H <return> for immediate help.
     ...
    
    --- failed re-building 'BGLR-extdoc.Rnw'
    
    SUMMARY: processing the following file failed:
     'BGLR-extdoc.Rnw'
    
    Error: Vignette re-building failed.
    Execution halted
Flavor: r-devel-windows-x86_64-new-TK

Version: 1.0.9
Check: installed package size
Result: NOTE
     installed size is 5.0Mb
     sub-directories of 1Mb or more:
     data 3.6Mb
Flavor: r-patched-solaris-x86