CRAN Package Check Results for Package BETS

Last updated on 2021-10-23 05:02:27 CEST.

Flavor Version Tinstall Tcheck Ttotal Status Flags
r-devel-linux-x86_64-debian-clang 0.4.9 19.73 139.95 159.68 NOTE
r-devel-linux-x86_64-debian-gcc 0.4.9 14.93 104.99 119.92 NOTE
r-devel-linux-x86_64-fedora-clang 0.4.9 207.37 NOTE
r-devel-linux-x86_64-fedora-gcc 0.4.9 189.61 NOTE
r-devel-windows-x86_64 0.4.9 30.00 180.00 210.00 NOTE
r-devel-windows-x86_64-gcc10-UCRT 0.4.9 NOTE
r-patched-linux-x86_64 0.4.9 16.50 134.17 150.67 NOTE
r-patched-solaris-x86 0.4.9 7.00 ERROR
r-release-linux-x86_64 0.4.9 18.68 132.71 151.39 NOTE
r-release-macos-arm64 0.4.9 NOTE
r-release-macos-x86_64 0.4.9 NOTE
r-release-windows-ix86+x86_64 0.4.9 34.00 145.00 179.00 NOTE
r-oldrel-macos-x86_64 0.4.9 OK
r-oldrel-windows-ix86+x86_64 0.4.9 43.00 173.00 216.00 OK

Check Details

Version: 0.4.9
Check: LazyData
Result: NOTE
     'LazyData' is specified without a 'data' directory
Flavors: r-devel-linux-x86_64-debian-clang, r-devel-linux-x86_64-debian-gcc, r-devel-linux-x86_64-fedora-clang, r-devel-linux-x86_64-fedora-gcc, r-devel-windows-x86_64, r-devel-windows-x86_64-gcc10-UCRT, r-patched-linux-x86_64, r-release-linux-x86_64, r-release-macos-arm64, r-release-macos-x86_64, r-release-windows-ix86+x86_64

Version: 0.4.9
Check: package dependencies
Result: NOTE
    Imports includes 27 non-default packages.
    Importing from so many packages makes the package vulnerable to any of
    them becoming unavailable. Move as many as possible to Suggests and
    use conditionally.
Flavor: r-devel-linux-x86_64-fedora-clang

Version: 0.4.9
Check: package dependencies
Result: ERROR
    Package required but not available: ‘seasonal’
    
    See section ‘The DESCRIPTION file’ in the ‘Writing R Extensions’
    manual.
Flavor: r-patched-solaris-x86