CRAN Package Check Results for Package BETS

Last updated on 2024-07-25 03:53:00 CEST.

Flavor Version Tinstall Tcheck Ttotal Status Flags
r-devel-linux-x86_64-debian-clang 0.4.9 20.75 170.81 191.56 NOTE
r-devel-linux-x86_64-debian-gcc 0.4.9 17.61 126.19 143.80 NOTE
r-devel-linux-x86_64-fedora-clang 0.4.9 252.70 NOTE
r-devel-linux-x86_64-fedora-gcc 0.4.9 233.21 NOTE
r-devel-windows-x86_64 0.4.9 22.00 143.00 165.00 NOTE
r-patched-linux-x86_64 0.4.9 21.52 161.40 182.92 NOTE
r-release-linux-x86_64 0.4.9 20.85 161.64 182.49 NOTE
r-release-macos-arm64 0.4.9 61.00 NOTE
r-release-macos-x86_64 0.4.9 109.00 NOTE
r-release-windows-x86_64 0.4.9 20.00 141.00 161.00 NOTE
r-oldrel-macos-arm64 0.4.9 63.00 NOTE
r-oldrel-macos-x86_64 0.4.9 117.00 NOTE
r-oldrel-windows-x86_64 0.4.9 25.00 168.00 193.00 NOTE

Check Details

Version: 0.4.9
Check: Rd files
Result: NOTE checkRd: (-1) BETSsearch.Rd:56: Lost braces 56 | \item{To exclude whole expressions from the search, surround them with code{' '} and insert a \code{~} before each of them. | ^ checkRd: (-1) dummy.Rd:23: Lost braces; missing escapes or markup? 23 | \item{date}{a \code{list}. The periods for which the dummy must be set to one. Periods must be represented as {integer vectors}, as described for \code{start} and \code{end}.} | ^ checkRd: (-1) dummy.Rd:25: Lost braces; missing escapes or markup? 25 | \item{from}{An \code{integer vector} The starting period of a sequence of perids for which the dummy must be set to one. Periods must be represented as {integer vectors}, as described for \code{start} and \code{end}.} | ^ checkRd: (-1) dummy.Rd:27: Lost braces; missing escapes or markup? 27 | \item{to}{The ending period of a sequence of perids for which the dummy must be set to one. Periods must be represented as {integer vectors}, as described for \code{start} and \code{end}.} | ^ Flavors: r-devel-linux-x86_64-debian-clang, r-devel-linux-x86_64-debian-gcc, r-devel-linux-x86_64-fedora-clang, r-devel-linux-x86_64-fedora-gcc, r-devel-windows-x86_64, r-patched-linux-x86_64, r-release-linux-x86_64, r-release-macos-arm64, r-release-macos-x86_64, r-release-windows-x86_64

Version: 0.4.9
Check: LazyData
Result: NOTE 'LazyData' is specified without a 'data' directory Flavors: r-devel-linux-x86_64-debian-clang, r-devel-linux-x86_64-debian-gcc, r-devel-linux-x86_64-fedora-clang, r-devel-linux-x86_64-fedora-gcc, r-devel-windows-x86_64, r-patched-linux-x86_64, r-release-linux-x86_64, r-release-macos-arm64, r-release-macos-x86_64, r-release-windows-x86_64, r-oldrel-macos-arm64, r-oldrel-macos-x86_64, r-oldrel-windows-x86_64

Version: 0.4.9
Check: package dependencies
Result: NOTE Imports includes 27 non-default packages. Importing from so many packages makes the package vulnerable to any of them becoming unavailable. Move as many as possible to Suggests and use conditionally. Flavor: r-devel-linux-x86_64-fedora-clang