Last updated on 2023-02-06 15:57:08 CET.
Flavor | Version | Tinstall | Tcheck | Ttotal | Status | Flags |
---|---|---|---|---|---|---|
r-devel-linux-x86_64-debian-clang | 0.5.2 | 3.20 | 88.73 | 91.93 | OK | |
r-devel-linux-x86_64-debian-gcc | 0.5.2 | 1.83 | 61.63 | 63.46 | OK | |
r-devel-linux-x86_64-fedora-clang | 0.5.2 | 108.42 | NOTE | |||
r-devel-linux-x86_64-fedora-gcc | 0.5.2 | 122.31 | NOTE | |||
r-devel-windows-x86_64 | 0.5.2 | 17.00 | 106.00 | 123.00 | OK | |
r-patched-linux-x86_64 | 0.5.2 | 2.71 | 82.66 | 85.37 | OK | |
r-release-linux-x86_64 | 0.5.2 | 3.22 | 84.02 | 87.24 | OK | |
r-release-macos-arm64 | 0.5.2 | 30.00 | NOTE | |||
r-release-macos-x86_64 | 0.5.2 | 41.00 | NOTE | |||
r-release-windows-x86_64 | 0.5.2 | 17.00 | 112.00 | 129.00 | OK | |
r-oldrel-macos-arm64 | 0.5.2 | 34.00 | NOTE | |||
r-oldrel-macos-x86_64 | 0.5.2 | 61.00 | NOTE | |||
r-oldrel-windows-ix86+x86_64 | 0.5.2 | 7.00 | 117.00 | 124.00 | OK |
Version: 0.5.2
Check: dependencies in R code
Result: NOTE
Namespace in Imports field not imported from: ‘compiler’
All declared Imports should be used.
Flavors: r-devel-linux-x86_64-fedora-clang, r-devel-linux-x86_64-fedora-gcc, r-release-macos-arm64, r-release-macos-x86_64, r-oldrel-macos-arm64, r-oldrel-macos-x86_64