CRAN Package Check Results for Package BCellMA

Last updated on 2022-01-26 15:52:42 CET.

Flavor Version Tinstall Tcheck Ttotal Status Flags
r-devel-linux-x86_64-debian-clang 0.3.4 5.52 82.08 87.60 NOTE
r-devel-linux-x86_64-debian-gcc 0.3.4 4.33 60.99 65.32 NOTE
r-devel-linux-x86_64-fedora-clang 0.3.4 103.32 OK
r-devel-linux-x86_64-fedora-gcc 0.3.4 95.64 OK
r-devel-windows-x86_64-new-UL 0.3.4 37.00 103.00 140.00 NOTE
r-devel-windows-x86_64-new-TK 0.3.4 OK
r-patched-linux-x86_64 0.3.4 5.33 72.91 78.24 NOTE
r-release-linux-x86_64 0.3.4 6.08 71.54 77.62 NOTE
r-release-macos-arm64 0.3.4 OK
r-release-macos-x86_64 0.3.4 OK
r-release-windows-ix86+x86_64 0.3.4 15.00 88.00 103.00 NOTE
r-oldrel-macos-x86_64 0.3.4 OK
r-oldrel-windows-ix86+x86_64 0.3.4 16.00 88.00 104.00 NOTE

Check Details

Version: 0.3.4
Check: package vignettes
Result: NOTE
    Package vignette with placeholder title 'Vignette Title':
     'vignette.Rmd'
Flavors: r-devel-linux-x86_64-debian-clang, r-devel-linux-x86_64-debian-gcc, r-devel-windows-x86_64-new-UL, r-patched-linux-x86_64, r-release-linux-x86_64, r-release-windows-ix86+x86_64, r-oldrel-windows-ix86+x86_64