CRAN Package Check Results for Package BAMBI

Last updated on 2024-02-23 15:52:06 CET.

Flavor Version Tinstall Tcheck Ttotal Status Flags
r-devel-linux-x86_64-debian-clang 2.3.5 NOTE
r-devel-linux-x86_64-debian-gcc 2.3.5 95.98 109.73 205.71 NOTE
r-devel-linux-x86_64-fedora-clang 2.3.5 389.14 NOTE
r-devel-linux-x86_64-fedora-gcc 2.3.5 375.17 NOTE
r-devel-windows-x86_64 2.3.5 93.00 146.00 239.00 OK
r-patched-linux-x86_64 2.3.5 127.21 144.04 271.25 OK
r-release-linux-x86_64 2.3.5 117.36 141.08 258.44 OK
r-release-macos-arm64 2.3.5 105.00 OK
r-release-macos-x86_64 2.3.5 186.00 OK
r-release-windows-x86_64 2.3.5 117.00 187.00 304.00 OK
r-oldrel-macos-arm64 2.3.5 97.00 OK
r-oldrel-windows-x86_64 2.3.5 115.00 166.00 281.00 OK

Check Details

Version: 2.3.5
Check: Rd files
Result: NOTE checkRd: (-1) contour.angmcmc.Rd:48: Lost braces; missing escapes or markup? 48 | Ignored if {show.data == FALSE}.} | ^ checkRd: (-1) contour.angmcmc.Rd:51: Lost braces; missing escapes or markup? 51 | Ignored if {show.data == FALSE}.} | ^ checkRd: (-1) fit_incremental_angmix.Rd:104: Lost braces; missing escapes or markup? 104 | \item{alpha}{significance level used in the test H_{0K}: expected log predictive density (elpd) for the fitted model with K components >= elpd for the fitted model | ^ checkRd: (-1) fit_incremental_angmix.Rd:148: Lost braces; missing escapes or markup? 148 | H_{0K}: expected log predictive density (elpd) for the fitted model with K components >= elpd for the fitted model | ^ checkRd: (-1) fit_incremental_angmix.Rd:163: Lost braces; missing escapes or markup? 163 | The incremental fitting stops if H_{0K} cannot be rejected | ^ Flavors: r-devel-linux-x86_64-debian-clang, r-devel-linux-x86_64-debian-gcc, r-devel-linux-x86_64-fedora-clang, r-devel-linux-x86_64-fedora-gcc