Last updated on 2023-02-06 15:57:08 CET.
Flavor | Version | Tinstall | Tcheck | Ttotal | Status | Flags |
---|---|---|---|---|---|---|
r-devel-linux-x86_64-debian-clang | 2.3.4 | 121.47 | 160.11 | 281.58 | NOTE | |
r-devel-linux-x86_64-debian-gcc | 2.3.4 | 92.73 | 119.08 | 211.81 | NOTE | |
r-devel-linux-x86_64-fedora-clang | 2.3.4 | 389.07 | NOTE | |||
r-devel-linux-x86_64-fedora-gcc | 2.3.4 | 359.60 | NOTE | |||
r-devel-windows-x86_64 | 2.3.4 | 118.00 | 219.00 | 337.00 | NOTE | |
r-patched-linux-x86_64 | 2.3.4 | 106.52 | 155.42 | 261.94 | OK | |
r-release-linux-x86_64 | 2.3.4 | 97.93 | 154.10 | 252.03 | OK | |
r-release-macos-arm64 | 2.3.4 | 94.00 | OK | |||
r-release-macos-x86_64 | 2.3.4 | 113.00 | OK | |||
r-release-windows-x86_64 | 2.3.4 | 122.00 | 216.00 | 338.00 | OK | |
r-oldrel-macos-arm64 | 2.3.4 | 84.00 | OK | |||
r-oldrel-macos-x86_64 | 2.3.4 | 114.00 | OK | |||
r-oldrel-windows-ix86+x86_64 | 2.3.4 | 276.00 | 285.00 | 561.00 | OK |
Version: 2.3.4
Check: C++ specification
Result: NOTE
Specified C++11: please update to current default of C++17
Flavors: r-devel-linux-x86_64-debian-clang, r-devel-linux-x86_64-debian-gcc, r-devel-linux-x86_64-fedora-clang, r-devel-linux-x86_64-fedora-gcc, r-devel-windows-x86_64