Last updated on 2025-01-18 04:48:19 CET.
Flavor | Version | Tinstall | Tcheck | Ttotal | Status | Flags |
---|---|---|---|---|---|---|
r-devel-linux-x86_64-debian-clang | 0.1.0 | 1.83 | 16.17 | 18.00 | OK | |
r-devel-linux-x86_64-debian-gcc | 0.1.0 | 1.51 | 13.66 | 15.17 | OK | |
r-devel-linux-x86_64-fedora-clang | 0.1.0 | 29.25 | NOTE | |||
r-devel-linux-x86_64-fedora-gcc | 0.1.0 | 27.39 | NOTE | |||
r-devel-windows-x86_64 | 0.1.0 | 4.00 | 38.00 | 42.00 | OK | |
r-patched-linux-x86_64 | 0.1.0 | 1.78 | 15.33 | 17.11 | OK | |
r-release-linux-x86_64 | 0.1.0 | 1.81 | 15.61 | 17.42 | OK | |
r-release-macos-arm64 | 0.1.0 | 17.00 | OK | |||
r-release-macos-x86_64 | 0.1.0 | 24.00 | OK | |||
r-release-windows-x86_64 | 0.1.0 | 3.00 | 38.00 | 41.00 | OK | |
r-oldrel-macos-arm64 | 0.1.0 | 14.00 | OK | |||
r-oldrel-macos-x86_64 | 0.1.0 | 18.00 | OK | |||
r-oldrel-windows-x86_64 | 0.1.0 | 4.00 | 38.00 | 42.00 | OK |
Version: 0.1.0
Check: dependencies in R code
Result: NOTE
Namespace in Imports field not imported from: ‘Hmisc’
All declared Imports should be used.
Flavors: r-devel-linux-x86_64-fedora-clang, r-devel-linux-x86_64-fedora-gcc