CRAN Package Check Results for Package AutoWeatherIndices

Last updated on 2024-07-17 15:56:20 CEST.

Flavor Version Tinstall Tcheck Ttotal Status Flags
r-devel-linux-x86_64-debian-clang 0.1.0 2.13 21.27 23.40 OK
r-devel-linux-x86_64-debian-gcc 0.1.0 1.82 15.92 17.74 OK
r-devel-linux-x86_64-fedora-clang 0.1.0 28.91 NOTE
r-devel-linux-x86_64-fedora-gcc 0.1.0 27.61 NOTE
r-devel-windows-x86_64 0.1.0 3.00 38.00 41.00 OK
r-patched-linux-x86_64 0.1.0 2.18 20.14 22.32 OK
r-release-linux-x86_64 0.1.0 1.39 19.69 21.08 OK
r-release-macos-arm64 0.1.0 17.00 OK
r-release-macos-x86_64 0.1.0 24.00 OK
r-release-windows-x86_64 0.1.0 4.00 39.00 43.00 OK
r-oldrel-macos-arm64 0.1.0 14.00 OK
r-oldrel-macos-x86_64 0.1.0 18.00 OK
r-oldrel-windows-x86_64 0.1.0 4.00 40.00 44.00 OK

Check Details

Version: 0.1.0
Check: dependencies in R code
Result: NOTE Namespace in Imports field not imported from: ‘Hmisc’ All declared Imports should be used. Flavors: r-devel-linux-x86_64-fedora-clang, r-devel-linux-x86_64-fedora-gcc