CRAN Package Check Results for Package AugmenterR

Last updated on 2022-07-04 15:54:36 CEST.

Flavor Version Tinstall Tcheck Ttotal Status Flags
r-devel-linux-x86_64-debian-clang 0.1.0 1.79 27.87 29.66 NOTE
r-devel-linux-x86_64-debian-gcc 0.1.0 1.31 20.84 22.15 NOTE
r-devel-linux-x86_64-fedora-clang 0.1.0 46.44 NOTE
r-devel-linux-x86_64-fedora-gcc 0.1.0 46.01 NOTE
r-devel-windows-x86_64 0.1.0 11.00 55.00 66.00 NOTE
r-patched-linux-x86_64 0.1.0 1.77 26.45 28.22 NOTE
r-release-linux-x86_64 0.1.0 1.92 27.21 29.13 NOTE
r-release-macos-arm64 0.1.0 17.00 NOTE
r-release-macos-x86_64 0.1.0 24.00 NOTE
r-release-windows-x86_64 0.1.0 18.00 54.00 72.00 NOTE
r-oldrel-macos-arm64 0.1.0 19.00 NOTE
r-oldrel-macos-x86_64 0.1.0 31.00 NOTE
r-oldrel-windows-ix86+x86_64 0.1.0 6.00 47.00 53.00 NOTE

Check Details

Version: 0.1.0
Check: LazyData
Result: NOTE
     'LazyData' is specified without a 'data' directory
Flavors: r-devel-linux-x86_64-debian-clang, r-devel-linux-x86_64-debian-gcc, r-devel-linux-x86_64-fedora-clang, r-devel-linux-x86_64-fedora-gcc, r-devel-windows-x86_64, r-patched-linux-x86_64, r-release-linux-x86_64, r-release-macos-arm64, r-release-macos-x86_64, r-release-windows-x86_64, r-oldrel-macos-arm64, r-oldrel-macos-x86_64, r-oldrel-windows-ix86+x86_64