CRAN Package Check Results for Package AtmChile

Last updated on 2023-01-31 03:00:37 CET.

Flavor Version Tinstall Tcheck Ttotal Status Flags
r-devel-linux-x86_64-debian-clang 1.0.1 6.20 44.28 50.48 OK
r-devel-linux-x86_64-debian-gcc 1.0.1 4.62 32.66 37.28 OK
r-devel-linux-x86_64-fedora-clang 1.0.1 62.46 NOTE
r-devel-linux-x86_64-fedora-gcc 1.0.1 60.27 NOTE
r-devel-windows-x86_64 1.0.1 12.00 78.00 90.00 OK
r-patched-linux-x86_64 1.0.1 4.34 43.19 47.53 OK
r-release-linux-x86_64 1.0.1 4.24 43.12 47.36 OK
r-release-macos-arm64 1.0.1 40.00 NOTE
r-release-macos-x86_64 1.0.1 46.00 NOTE
r-release-windows-x86_64 1.0.1 28.00 90.00 118.00 OK
r-oldrel-macos-arm64 1.0.1 42.00 NOTE
r-oldrel-macos-x86_64 1.0.1 50.00 NOTE
r-oldrel-windows-ix86+x86_64 1.0.1 14.00 90.00 104.00 OK

Check Details

Version: 1.0.1
Check: dependencies in R code
Result: NOTE
    Namespaces in Imports field not imported from:
     ‘DT’ ‘lubridate’ ‘openair’ ‘plotly’
     All declared Imports should be used.
Flavors: r-devel-linux-x86_64-fedora-clang, r-devel-linux-x86_64-fedora-gcc, r-release-macos-arm64, r-release-macos-x86_64, r-oldrel-macos-arm64, r-oldrel-macos-x86_64