CRAN Package Check Results for Package AdhereRViz

Last updated on 2022-01-21 16:50:44 CET.

Flavor Version Tinstall Tcheck Ttotal Status Flags
r-devel-linux-x86_64-debian-clang 0.2.0 8.76 74.89 83.65 OK
r-devel-linux-x86_64-debian-gcc 0.2.0 5.92 56.42 62.34 OK
r-devel-linux-x86_64-fedora-clang 0.2.0 106.01 NOTE
r-devel-linux-x86_64-fedora-gcc 0.2.0 96.40 NOTE
r-devel-windows-x86_64-new-UL 0.2.0 120.00 101.00 221.00 OK
r-devel-windows-x86_64-new-TK 0.2.0 NOTE
r-patched-linux-x86_64 0.2.0 6.57 72.09 78.66 OK
r-release-linux-x86_64 0.2.0 6.86 70.97 77.83 OK
r-release-macos-arm64 0.2.0 NOTE
r-release-macos-x86_64 0.2.0 NOTE
r-release-windows-ix86+x86_64 0.2.0 21.00 97.00 118.00 OK
r-oldrel-macos-x86_64 0.2.0 NOTE
r-oldrel-windows-ix86+x86_64 0.2.0 22.00 98.00 120.00 OK

Check Details

Version: 0.2.0
Check: dependencies in R code
Result: NOTE
    Namespaces in Imports field not imported from:
     ‘lubridate’ ‘parallel’ ‘rsvg’ ‘scales’
     All declared Imports should be used.
Flavors: r-devel-linux-x86_64-fedora-clang, r-devel-linux-x86_64-fedora-gcc, r-devel-windows-x86_64-new-TK, r-release-macos-arm64, r-release-macos-x86_64, r-oldrel-macos-x86_64