CRAN Package Check Results for Package AWR.Athena

Last updated on 2022-01-22 03:56:37 CET.

Flavor Version Tinstall Tcheck Ttotal Status Flags
r-devel-linux-x86_64-debian-clang 2.0.7-0 5.37 48.74 54.11 NOTE
r-devel-linux-x86_64-debian-gcc 2.0.7-0 3.87 37.17 41.04 NOTE
r-devel-linux-x86_64-fedora-clang 2.0.7-0 63.74 NOTE
r-devel-linux-x86_64-fedora-gcc 2.0.7-0 59.27 NOTE
r-devel-windows-x86_64-new-UL 2.0.7-0 29.00 70.00 99.00 NOTE
r-devel-windows-x86_64-new-TK 2.0.7-0 NOTE
r-patched-linux-x86_64 2.0.7-0 5.37 48.12 53.49 NOTE
r-release-linux-x86_64 2.0.7-0 3.92 47.83 51.75 NOTE
r-release-macos-arm64 2.0.7-0 NOTE
r-release-macos-x86_64 2.0.7-0 NOTE
r-release-windows-ix86+x86_64 2.0.7-0 15.00 60.00 75.00 NOTE
r-oldrel-macos-x86_64 2.0.7-0 NOTE
r-oldrel-windows-ix86+x86_64 2.0.7-0 16.00 62.00 78.00 NOTE

Check Details

Version: 2.0.7-0
Check: LazyData
Result: NOTE
     'LazyData' is specified without a 'data' directory
Flavors: r-devel-linux-x86_64-debian-clang, r-devel-linux-x86_64-debian-gcc, r-devel-linux-x86_64-fedora-clang, r-devel-linux-x86_64-fedora-gcc, r-devel-windows-x86_64-new-UL, r-devel-windows-x86_64-new-TK, r-patched-linux-x86_64, r-release-linux-x86_64, r-release-macos-arm64, r-release-macos-x86_64, r-release-windows-ix86+x86_64

Version: 2.0.7-0
Check: installed package size
Result: NOTE
     installed size is 7.9Mb
     sub-directories of 1Mb or more:
     java 7.8Mb
Flavors: r-devel-linux-x86_64-fedora-clang, r-devel-windows-x86_64-new-UL, r-release-macos-arm64, r-release-macos-x86_64, r-release-windows-ix86+x86_64, r-oldrel-macos-x86_64, r-oldrel-windows-ix86+x86_64