CRAN Package Check Results for Package ATAforecasting

Last updated on 2022-01-24 03:51:23 CET.

Flavor Version Tinstall Tcheck Ttotal Status Flags
r-devel-linux-x86_64-debian-clang 0.0.56 61.93 221.30 283.23 OK
r-devel-linux-x86_64-debian-gcc 0.0.56 44.88 165.56 210.44 OK
r-devel-linux-x86_64-fedora-clang 0.0.56 355.94 OK
r-devel-linux-x86_64-fedora-gcc 0.0.56 358.52 OK
r-devel-windows-x86_64-new-UL 0.0.56 138.00 244.00 382.00 OK
r-devel-windows-x86_64-new-TK 0.0.56 OK
r-patched-linux-x86_64 0.0.56 64.21 209.67 273.88 OK
r-release-linux-x86_64 0.0.56 50.14 209.31 259.45 OK
r-release-macos-arm64 0.0.56 OK
r-release-macos-x86_64 0.0.56 OK
r-release-windows-ix86+x86_64 0.0.56 130.00 328.00 458.00 OK
r-oldrel-macos-x86_64 0.0.54 WARN
r-oldrel-windows-ix86+x86_64 0.0.54 100.00 225.00 325.00 OK

Check Details

Version: 0.0.54
Check: Rd files
Result: WARN
    prepare_Rd: undefined subclass "numericVector" of class "Mnumeric"; definition not updated
Flavor: r-oldrel-macos-x86_64