CRAN Package Check Results for Package ALUES

Last updated on 2022-06-28 15:53:10 CEST.

Flavor Version Tinstall Tcheck Ttotal Status Flags
r-devel-linux-x86_64-debian-clang 0.2.1 47.60 76.26 123.86 OK
r-devel-linux-x86_64-debian-gcc 0.2.1 36.08 58.97 95.05 OK
r-devel-linux-x86_64-fedora-clang 0.2.1 184.86 OK
r-devel-linux-x86_64-fedora-gcc 0.2.1 166.02 OK
r-devel-windows-x86_64 0.2.1 169.00 167.00 336.00 OK
r-patched-linux-x86_64 0.2.1 47.47 73.74 121.21 OK
r-release-linux-x86_64 0.2.1 40.36 73.82 114.18 OK
r-release-macos-arm64 0.2.1 48.00 OK
r-release-macos-x86_64 0.2.1 78.00 OK
r-release-windows-x86_64 0.2.1 184.00 157.00 341.00 OK
r-oldrel-macos-arm64 0.2.1 64.00 OK
r-oldrel-macos-x86_64 0.2.1 105.00 OK
r-oldrel-windows-ix86+x86_64 0.2.1 131.00 149.00 280.00 NOTE

Check Details

Version: 0.2.1
Check: installed package size
Result: NOTE
     installed size is 5.1Mb
     sub-directories of 1Mb or more:
     doc 2.4Mb
     libs 2.1Mb
Flavor: r-oldrel-windows-ix86+x86_64