CRAN Package Check Results for Package AHM

Last updated on 2022-01-24 15:54:04 CET.

Flavor Version Tinstall Tcheck Ttotal Status Flags
r-devel-linux-x86_64-debian-clang 1.0.1 20.03 119.63 139.66 OK
r-devel-linux-x86_64-debian-gcc 1.0.1 14.80 90.52 105.32 OK
r-devel-linux-x86_64-fedora-clang 1.0.1 167.84 NOTE
r-devel-linux-x86_64-fedora-gcc 1.0.1 161.69 NOTE
r-devel-windows-x86_64-new-UL 1.0.1 40.00 152.00 192.00 OK
r-devel-windows-x86_64-new-TK 1.0.1 NOTE
r-patched-linux-x86_64 1.0.1 13.89 110.51 124.40 OK
r-release-linux-x86_64 1.0.1 16.08 109.76 125.84 OK
r-release-macos-arm64 1.0.1 NOTE
r-release-macos-x86_64 1.0.1 NOTE
r-release-windows-ix86+x86_64 1.0.1 36.00 134.00 170.00 OK
r-oldrel-macos-x86_64 1.0.1 NOTE
r-oldrel-windows-ix86+x86_64 1.0.1 37.00 132.00 169.00 OK

Check Details

Version: 1.0.1
Check: dependencies in R code
Result: NOTE
    Namespaces in Imports field not imported from:
     ‘devtools’ ‘mixexp’
     All declared Imports should be used.
Flavors: r-devel-linux-x86_64-fedora-clang, r-devel-linux-x86_64-fedora-gcc, r-devel-windows-x86_64-new-TK, r-release-macos-arm64, r-release-macos-x86_64, r-oldrel-macos-x86_64