CRAN Package Check Results for Package ztable

Last updated on 2024-06-13 03:49:41 CEST.

Flavor Version Tinstall Tcheck Ttotal Status Flags
r-devel-linux-x86_64-debian-clang 0.2.3 10.78 103.84 114.62 NOTE
r-devel-linux-x86_64-debian-gcc 0.2.3 0.51 1.91 2.42 ERROR
r-devel-linux-x86_64-fedora-clang 0.2.3 171.27 NOTE
r-devel-linux-x86_64-fedora-gcc 0.2.3 179.87 NOTE
r-devel-windows-x86_64 0.2.3 11.00 117.00 128.00 NOTE
r-patched-linux-x86_64 0.2.3 7.84 99.79 107.63 NOTE
r-release-linux-x86_64 0.2.3 7.66 98.98 106.64 NOTE
r-release-macos-arm64 0.2.3 60.00 NOTE
r-release-macos-x86_64 0.2.3 90.00 NOTE
r-release-windows-x86_64 0.2.3 14.00 125.00 139.00 NOTE
r-oldrel-macos-arm64 0.2.3 55.00 OK
r-oldrel-macos-x86_64 0.2.3 102.00 OK
r-oldrel-windows-x86_64 0.2.3 18.00 139.00 157.00 OK

Check Details

Version: 0.2.3
Check: Rd files
Result: NOTE checkRd: (-1) update_ztable.Rd:75: Lost braces; missing escapes or markup? 75 | must be NULL or contain only elements of {"h","t","b","p","!","H"}.} | ^ checkRd: (-1) ztable_sub.Rd:78: Lost braces; missing escapes or markup? 78 | must be NULL or contain only elements of {"h","t","b","p","!","H"}. | ^ Flavors: r-devel-linux-x86_64-debian-clang, r-devel-linux-x86_64-fedora-clang, r-devel-linux-x86_64-fedora-gcc, r-devel-windows-x86_64, r-patched-linux-x86_64, r-release-linux-x86_64, r-release-macos-arm64, r-release-macos-x86_64, r-release-windows-x86_64

Version: 0.2.3
Check: package dependencies
Result: ERROR Package required but not available: ‘stringr’ Packages suggested but not available for checking: 'moonBook', 'testthat' See section ‘The DESCRIPTION file’ in the ‘Writing R Extensions’ manual. Flavor: r-devel-linux-x86_64-debian-gcc