Last updated on 2023-02-05 03:54:04 CET.
Flavor | Version | Tinstall | Tcheck | Ttotal | Status | Flags |
---|---|---|---|---|---|---|
r-devel-linux-x86_64-debian-clang | 0.6.0 | 43.02 | 224.40 | 267.42 | NOTE | |
r-devel-linux-x86_64-debian-gcc | 0.6.0 | 30.18 | 171.06 | 201.24 | NOTE | |
r-devel-linux-x86_64-fedora-clang | 0.6.0 | 314.11 | NOTE | |||
r-devel-linux-x86_64-fedora-gcc | 0.6.0 | 317.94 | NOTE | |||
r-devel-windows-x86_64 | 0.6.0 | 177.00 | 237.00 | 414.00 | NOTE | |
r-patched-linux-x86_64 | 0.6.0 | 39.41 | 211.27 | 250.68 | NOTE | |
r-release-linux-x86_64 | 0.6.0 | 41.21 | 211.06 | 252.27 | NOTE | |
r-release-macos-arm64 | 0.6.0 | 90.00 | NOTE | |||
r-release-macos-x86_64 | 0.6.0 | 178.00 | NOTE | |||
r-release-windows-x86_64 | 0.6.0 | 125.00 | 360.00 | 485.00 | NOTE | |
r-oldrel-macos-arm64 | 0.6.0 | 62.00 | NOTE | |||
r-oldrel-macos-x86_64 | 0.6.0 | 106.00 | NOTE | |||
r-oldrel-windows-ix86+x86_64 | 0.6.0 | 82.00 | 328.00 | 410.00 | NOTE |
Version: 0.6.0
Check: package dependencies
Result: NOTE
Package suggested but not available for checking: ‘zdat’
Flavors: r-devel-linux-x86_64-debian-clang, r-devel-linux-x86_64-debian-gcc, r-devel-linux-x86_64-fedora-clang, r-devel-linux-x86_64-fedora-gcc, r-devel-windows-x86_64, r-patched-linux-x86_64, r-release-linux-x86_64, r-release-macos-arm64, r-release-macos-x86_64, r-release-windows-x86_64, r-oldrel-macos-arm64, r-oldrel-macos-x86_64, r-oldrel-windows-ix86+x86_64
Version: 0.6.0
Check: package subdirectories
Result: NOTE
Problems with news in ‘NEWS.md’:
Cannot extract version info from the following section titles:
NEW DEPENDENCIES
Flavors: r-devel-linux-x86_64-debian-clang, r-devel-linux-x86_64-debian-gcc, r-devel-linux-x86_64-fedora-clang, r-devel-linux-x86_64-fedora-gcc, r-devel-windows-x86_64