Last updated on 2023-02-08 15:52:58 CET.
Flavor | Version | Tinstall | Tcheck | Ttotal | Status | Flags |
---|---|---|---|---|---|---|
r-devel-linux-x86_64-debian-clang | 0.5.1 | 6.26 | 58.57 | 64.83 | NOTE | |
r-devel-linux-x86_64-debian-gcc | 0.5.1 | 4.90 | 45.08 | 49.98 | NOTE | |
r-devel-linux-x86_64-fedora-clang | 0.5.1 | 82.54 | NOTE | |||
r-devel-linux-x86_64-fedora-gcc | 0.5.1 | 115.70 | NOTE | |||
r-devel-windows-x86_64 | 0.5.1 | 37.00 | 105.00 | 142.00 | NOTE | |
r-patched-linux-x86_64 | 0.5.1 | 5.65 | 56.67 | 62.32 | NOTE | |
r-release-linux-x86_64 | 0.5.1 | 5.39 | 55.86 | 61.25 | NOTE | |
r-release-macos-arm64 | 0.5.1 | 41.00 | NOTE | |||
r-release-macos-x86_64 | 0.5.1 | 56.00 | NOTE | |||
r-release-windows-x86_64 | 0.5.1 | 30.00 | 100.00 | 130.00 | NOTE | |
r-oldrel-macos-arm64 | 0.5.1 | 40.00 | NOTE | |||
r-oldrel-macos-x86_64 | 0.5.1 | 73.00 | NOTE | |||
r-oldrel-windows-ix86+x86_64 | 0.5.1 | 16.00 | 81.00 | 97.00 | NOTE |
Version: 0.5.1
Check: LazyData
Result: NOTE
'LazyData' is specified without a 'data' directory
Flavors: r-devel-linux-x86_64-debian-clang, r-devel-linux-x86_64-debian-gcc, r-devel-linux-x86_64-fedora-clang, r-devel-linux-x86_64-fedora-gcc, r-devel-windows-x86_64, r-patched-linux-x86_64, r-release-linux-x86_64, r-release-macos-arm64, r-release-macos-x86_64, r-release-windows-x86_64, r-oldrel-macos-arm64, r-oldrel-macos-x86_64, r-oldrel-windows-ix86+x86_64