CRAN Package Check Results for Package zipangu

Last updated on 2022-08-15 03:53:03 CEST.

Flavor Version Tinstall Tcheck Ttotal Status Flags
r-devel-linux-x86_64-debian-clang 0.3.0 4.04 52.30 56.34 NOTE
r-devel-linux-x86_64-debian-gcc 0.3.0 3.24 39.93 43.17 NOTE
r-devel-linux-x86_64-fedora-clang 0.3.0 76.61 NOTE
r-devel-linux-x86_64-fedora-gcc 0.3.0 80.77 NOTE
r-devel-windows-x86_64 0.3.0 25.00 83.00 108.00 OK
r-patched-linux-x86_64 0.3.0 4.82 50.14 54.96 OK
r-release-linux-x86_64 0.3.0 3.80 49.40 53.20 OK
r-release-macos-arm64 0.3.0 21.00 NOTE
r-release-macos-x86_64 0.3.0 45.00 NOTE
r-release-windows-x86_64 0.3.0 35.00 82.00 117.00 OK
r-oldrel-macos-arm64 0.3.0 19.00 NOTE
r-oldrel-macos-x86_64 0.3.0 36.00 NOTE
r-oldrel-windows-ix86+x86_64 0.3.0 9.00 74.00 83.00 OK

Check Details

Version: 0.3.0
Check: HTML version of manual
Result: NOTE
    Found the following HTML validation problems:
    jholiday.html:70:62: Warning: inserting implicit <p>
    jholiday.html:70:62: Warning: trimming empty <p>
    kana.html:65:1: Warning: trimming empty <dt>
Flavors: r-devel-linux-x86_64-debian-clang, r-devel-linux-x86_64-debian-gcc, r-devel-linux-x86_64-fedora-gcc

Version: 0.3.0
Check: data for non-ASCII characters
Result: NOTE
     Note: found 47 marked UTF-8 strings
Flavors: r-devel-linux-x86_64-fedora-clang, r-devel-linux-x86_64-fedora-gcc, r-release-macos-arm64, r-release-macos-x86_64, r-oldrel-macos-arm64, r-oldrel-macos-x86_64