Last updated on 2023-01-31 04:06:38 CET.
Flavor | Version | Tinstall | Tcheck | Ttotal | Status | Flags |
---|---|---|---|---|---|---|
r-devel-linux-x86_64-debian-clang | 0.1.0 | 15.90 | 51.96 | 67.86 | OK | |
r-devel-linux-x86_64-debian-gcc | 0.1.0 | 13.56 | 35.42 | 48.98 | OK | |
r-devel-linux-x86_64-fedora-clang | 0.1.0 | 87.09 | NOTE | |||
r-devel-linux-x86_64-fedora-gcc | 0.1.0 | 83.91 | NOTE | |||
r-devel-windows-x86_64 | 0.1.0 | 27.00 | 76.00 | 103.00 | OK | |
r-patched-linux-x86_64 | 0.1.0 | 14.90 | 51.76 | 66.66 | OK | |
r-release-linux-x86_64 | 0.1.0 | 13.21 | 51.38 | 64.59 | OK | |
r-release-macos-arm64 | 0.1.0 | 35.00 | NOTE | |||
r-release-macos-x86_64 | 0.1.0 | 41.00 | NOTE | |||
r-release-windows-x86_64 | 0.1.0 | 31.00 | 84.00 | 115.00 | OK | |
r-oldrel-macos-arm64 | 0.1.0 | 33.00 | NOTE | |||
r-oldrel-macos-x86_64 | 0.1.0 | 45.00 | NOTE | |||
r-oldrel-windows-ix86+x86_64 | 0.1.0 | 28.00 | 74.00 | 102.00 | OK |
Version: 0.1.0
Check: dependencies in R code
Result: NOTE
Namespace in Imports field not imported from: ‘tidyverse’
All declared Imports should be used.
Flavors: r-devel-linux-x86_64-fedora-clang, r-devel-linux-x86_64-fedora-gcc, r-release-macos-arm64, r-release-macos-x86_64, r-oldrel-macos-arm64, r-oldrel-macos-x86_64