CRAN Package Check Results for Package yuima

Last updated on 2020-10-31 03:52:58 CET.

Flavor Version Tinstall Tcheck Ttotal Status Flags
r-devel-linux-x86_64-debian-clang 1.9.6 130.71 203.05 333.76 OK
r-devel-linux-x86_64-debian-gcc 1.9.6 101.36 153.00 254.36 OK
r-devel-linux-x86_64-fedora-clang 1.9.6 427.03 NOTE
r-devel-linux-x86_64-fedora-gcc 1.9.6 387.78 OK
r-devel-windows-ix86+x86_64 1.9.6 257.00 380.00 637.00 NOTE
r-patched-linux-x86_64 1.9.6 118.23 188.50 306.73 OK
r-patched-solaris-x86 1.9.6 553.90 OK
r-release-linux-x86_64 1.9.6 129.12 188.57 317.69 OK
r-release-macos-x86_64 1.9.6 NOTE
r-release-windows-ix86+x86_64 1.9.6 196.00 428.00 624.00 NOTE
r-oldrel-macos-x86_64 1.9.6 NOTE
r-oldrel-windows-ix86+x86_64 1.9.6 247.00 315.00 562.00 OK

Additional issues

rchk

Check Details

Version: 1.9.6
Check: installed package size
Result: NOTE
     installed size is 6.5Mb
     sub-directories of 1Mb or more:
     R 1.9Mb
     libs 3.7Mb
Flavors: r-devel-linux-x86_64-fedora-clang, r-devel-windows-ix86+x86_64, r-release-macos-x86_64, r-release-windows-ix86+x86_64, r-oldrel-macos-x86_64