Last updated on 2022-07-03 03:50:11 CEST.
Flavor | Version | Tinstall | Tcheck | Ttotal | Status | Flags |
---|---|---|---|---|---|---|
r-devel-linux-x86_64-debian-clang | 1.1.0 | 35.65 | 84.98 | 120.63 | OK | |
r-devel-linux-x86_64-debian-gcc | 1.1.0 | 32.37 | 64.14 | 96.51 | OK | |
r-devel-linux-x86_64-fedora-clang | 1.1.0 | 163.98 | NOTE | |||
r-devel-linux-x86_64-fedora-gcc | 1.1.0 | 161.69 | NOTE | |||
r-devel-windows-x86_64 | 1.1.0 | 39.00 | 98.00 | 137.00 | OK | |
r-patched-linux-x86_64 | 1.1.0 | 35.56 | 82.59 | 118.15 | OK | |
r-release-linux-x86_64 | 1.1.0 | 34.39 | 83.44 | 117.83 | OK | |
r-release-macos-arm64 | 1.1.0 | 66.00 | NOTE | |||
r-release-macos-x86_64 | 1.1.0 | 106.00 | NOTE | |||
r-release-windows-x86_64 | 1.1.0 | 40.00 | 102.00 | 142.00 | OK | |
r-oldrel-macos-arm64 | 1.1.0 | 93.00 | NOTE | |||
r-oldrel-macos-x86_64 | 1.1.0 | 78.00 | NOTE | |||
r-oldrel-windows-ix86+x86_64 | 1.1.0 | 72.00 | 96.00 | 168.00 | OK |
Version: 1.1.0
Check: dependencies in R code
Result: NOTE
Namespace in Imports field not imported from: ‘spelling’
All declared Imports should be used.
Flavors: r-devel-linux-x86_64-fedora-clang, r-devel-linux-x86_64-fedora-gcc, r-release-macos-arm64, r-release-macos-x86_64, r-oldrel-macos-arm64, r-oldrel-macos-x86_64