Last updated on 2022-07-06 15:49:14 CEST.
Flavor | Version | Tinstall | Tcheck | Ttotal | Status | Flags |
---|---|---|---|---|---|---|
r-devel-linux-x86_64-debian-clang | 2.0-3 | 2.55 | 47.49 | 50.04 | NOTE | |
r-devel-linux-x86_64-debian-gcc | 2.0-3 | 2.72 | 35.48 | 38.20 | NOTE | |
r-devel-linux-x86_64-fedora-clang | 2.0-3 | 73.35 | NOTE | |||
r-devel-linux-x86_64-fedora-gcc | 2.0-3 | 76.65 | NOTE | |||
r-devel-windows-x86_64 | 2.0-3 | 19.00 | 69.00 | 88.00 | NOTE | |
r-patched-linux-x86_64 | 2.0-3 | 2.69 | 45.45 | 48.14 | NOTE | |
r-release-linux-x86_64 | 2.0-3 | 3.50 | 44.93 | 48.43 | NOTE | |
r-release-macos-arm64 | 2.0-3 | 22.00 | NOTE | |||
r-release-macos-x86_64 | 2.0-3 | 29.00 | NOTE | |||
r-release-windows-x86_64 | 2.0-3 | 15.00 | 73.00 | 88.00 | NOTE | |
r-oldrel-macos-arm64 | 2.0-3 | 25.00 | NOTE | |||
r-oldrel-macos-x86_64 | 2.0-3 | 38.00 | NOTE | |||
r-oldrel-windows-ix86+x86_64 | 2.0-3 | 9.00 | 70.00 | 79.00 | NOTE |
Version: 2.0-3
Check: LazyData
Result: NOTE
'LazyData' is specified without a 'data' directory
Flavors: r-devel-linux-x86_64-debian-clang, r-devel-linux-x86_64-debian-gcc, r-devel-linux-x86_64-fedora-clang, r-devel-linux-x86_64-fedora-gcc, r-devel-windows-x86_64, r-patched-linux-x86_64, r-release-linux-x86_64, r-release-macos-arm64, r-release-macos-x86_64, r-release-windows-x86_64, r-oldrel-macos-arm64, r-oldrel-macos-x86_64, r-oldrel-windows-ix86+x86_64