CRAN Package Check Results for Package yaps

Last updated on 2022-10-03 04:59:44 CEST.

Flavor Version Tinstall Tcheck Ttotal Status Flags
r-devel-linux-x86_64-debian-clang 1.2.5 103.82 210.98 314.80 OK
r-devel-linux-x86_64-debian-gcc 1.2.5 67.58 152.32 219.90 OK
r-devel-linux-x86_64-fedora-clang 1.2.5 374.45 OK
r-devel-linux-x86_64-fedora-gcc 1.2.5 361.61 OK
r-devel-windows-x86_64 1.2.5 88.00 232.00 320.00 NOTE
r-patched-linux-x86_64 1.2.5 63.16 201.28 264.44 OK
r-release-linux-x86_64 1.2.5 60.79 204.60 265.39 OK
r-release-macos-arm64 1.2.5 116.00 NOTE
r-release-macos-x86_64 1.2.5 162.00 NOTE
r-release-windows-x86_64 1.2.5 95.00 248.00 343.00 NOTE
r-oldrel-macos-arm64 1.2.5 129.00 NOTE
r-oldrel-macos-x86_64 1.2.5 177.00 NOTE
r-oldrel-windows-ix86+x86_64 1.2.5 160.00 468.00 628.00 NOTE

Check Details

Version: 1.2.5
Check: installed package size
Result: NOTE
     installed size is 14.6Mb
     sub-directories of 1Mb or more:
     libs 12.7Mb
Flavors: r-devel-windows-x86_64, r-release-macos-arm64, r-release-macos-x86_64, r-release-windows-x86_64, r-oldrel-macos-arm64, r-oldrel-macos-x86_64, r-oldrel-windows-ix86+x86_64